

-- Table structure for table `novels` --
DROP TABLE IF EXISTS `novels`;
CREATE TABLE `novels` (
  `id` int NOT NULL AUTO_INCREMENT,
  `title` varchar(255) NOT NULL COMMENT '小说标题',
  `description` text COMMENT '简介',
  `created_at` timestamp NULL DEFAULT CURRENT_TIMESTAMP,
  `updated_at` timestamp NULL DEFAULT CURRENT_TIMESTAMP ON UPDATE CURRENT_TIMESTAMP,
  `style` varchar(100) DEFAULT NULL,
  `era` varchar(100) DEFAULT NULL,
  `chapter_count` int DEFAULT '10',
  `structure` varchar(100) DEFAULT NULL,
  `pov` varchar(100) DEFAULT NULL,
  `model_idea` varchar(50) DEFAULT 'deepseek-reasoner',
  `model_chat` varchar(50) DEFAULT 'deepseek-reasoner',
  `model_outline` varchar(50) DEFAULT 'glm-4-long',
  `model_characters` varchar(50) DEFAULT 'glm-4.6',
  `model_plot` varchar(50) DEFAULT 'deepseek-reasoner',
  `model_write` varchar(50) DEFAULT 'kimi-k2-thinking-turbo',
  PRIMARY KEY (`id`)
) ENGINE=InnoDB AUTO_INCREMENT=5 DEFAULT CHARSET=utf8mb4 COLLATE=utf8mb4_0900_ai_ci;

-- Dumping data for table `novels` --
INSERT INTO `novels` (`id`, `title`, `description`, `created_at`, `updated_at`, `style`, `era`, `chapter_count`, `structure`, `pov`, `model_idea`, `model_chat`, `model_outline`, `model_characters`, `model_plot`, `model_write`) VALUES ('1', '新小说', '【基本构思】\n男主角拥有强化工具的能力\n\n【详细设定】\n# 《穹顶余烬》故事思路\n\n##核心矛盾与冲突\n**表层冲突**：太空殖民站“涅槃号”遭遇未知能量风暴，生命维持系统崩溃，幸存者们在封闭环境中争夺有限资源。\n**深层冲突**：科技依赖与原始生存技能的矛盾——当所有高科技设备失效后，男主角罗伊的“工具强化”能力成为双刃剑，既是被依赖的希望，也是被忌惮的异类。\n**终极冲突**：罗伊发现能量风暴的源头是人类早期深空实验遗留的“反科技脉冲场”，修复太空站需要暂时关闭该场域，但这将暴露殖民坐标给潜伏在星系边缘的掠夺者舰队。\n\n##主要人物动机\n**罗伊**：前工程技师，因基因异常获得接触式工具强化能力（双手接触工具时能理解其构造弱点并临时增强性能）。动机从单纯的生存转变为保护幸存者社群，最终意识到必须用自己的能力为人类留存“低科技备份”。\n**艾莉森**：医疗官，怀疑罗伊能力与能量风暴存在关联。动机从科学探究转变为对罗伊能力的保护性隐瞒，逐渐发现罗伊能力可能是人类适应深空生存的进化方向。\n**凯恩**：前安全主管，奉行实用主义。初始动机是控制所有资源分配权，后期被迫与罗伊合作，其军事背景成为对抗掠夺者的关键。\n**少女“零”**：在维修管道中发现的休眠舱幸存者，实际是早期实验的基因改造产物，其存在隐藏着脉冲场的真相。\n\n##三幕式结构\n**第一幕（1-3章）：崩塌与觉醒**\n-能量风暴席卷涅槃号，90%系统瘫痪\n-罗伊在维修故障气压门时首次无意识强化焊接枪，引起注意\n-幸存者分裂为“技术复原派”与“原始生存派”\n- **章节结尾钩子**：罗伊发现维修日志显示风暴前曾有异常能量读数指向殖民站深层禁区\n\n**第二幕（4-7章）：分裂与发现**\n-罗伊能力暴露，被部分幸存者视为怪物，部分视为救星\n-探索禁区时发现早期实验记录：“反科技脉冲”是为防止某技术失控的防火墙\n-邂逅“零”，她展示了对工具的天然亲和力\n-凯恩夺取主控室控制权，要求罗伊强化武器系统准备应对掠夺者信号\n- **中点转折**：罗伊强化通讯器时意外接收到完整信息——脉冲场是保护罩，掠夺者正是当年失控技术的产物\n\n**第三幕（8-10章）：抉择与升华**\n-掠夺者舰队抵达，要求关闭脉冲场投降\n-内部辩论：关闭场域恢复科技对抗掠夺者 vs保持场域以原始方式生存\n-罗伊提出第三方案：用能力强化涅槃号的生态循环系统，在脉冲场内建立可持续的低科技文明\n-最终战并非舰队对决，而是罗伊团队潜入掠夺者母舰，用强化后的原始工具破坏其高维能源核心\n- **结局**：脉冲场保留但调整为可调控模式，罗伊建立“工具传承者”团体，将强化能力拆解为可培训的低科技制造技艺，人类在涅槃号上开启科技与原始技艺融合的新文明路径\n\n##独特的风格化元素\n1. **工具诗学**：每件被强化的工具都会获得短暂“记忆回响”，展现前使用者的片段故事，使工具成为文明记忆载体\n2. **低科技美学**：描述强化过程时采用类似锻铁、木工的质感描写，在太空环境中创造违和又合理的视觉对比\n3. **脉冲场效应**：场域内高科技失效的渐变描写——从电子设备雪花到机械结构简并，形成独特的末世物理规则\n4. **能力限制体系**：强化效果与罗伊的体能/精力挂钩，每次使用需“支付代价”，避免能力滥用\n5. **标志性道具弧光**：罗伊持续强化的一把多功能军刀，从开罐器逐步演化为承载社群信念的文明符号\n\n##章节主题锚点\n1.穹顶暗下去的方式\n2.焊接枪上的指纹\n3.维修日志的空白页\n4.管道中的呼吸声\n5.能力者的第一次审判\n6.禁区里的摇篮曲\n7.凯恩的武器清单\n8.零的工具箱\n9.脉冲场的选择题\n10.不是终结的黎明\n\n##叙事视角处理\n采用**第三人称全知但有限聚焦**：大部分时间跟随罗伊视角，关键场景跳转至艾莉森的医学记录、凯恩的安全日志、零的碎片记忆，形成多维度拼图式叙事。全知视角仅用于描述涅槃号结构变化、脉冲场物理效应等客观世界状态，人物内心保持有限披露。采纳此思路并进入下一步', '2025-12-23 23:00:52', '2026-01-31 02:27:58', '末世生存', '未来世界', '10', '经典三幕式', '第三人称全知', 'deepseek-reasoner', 'deepseek-reasoner', 'glm-4-long', 'glm-4-long', 'deepseek-reasoner', 'kimi-k2-thinking-turbo');
INSERT INTO `novels` (`id`, `title`, `description`, `created_at`, `updated_at`, `style`, `era`, `chapter_count`, `structure`, `pov`, `model_idea`, `model_chat`, `model_outline`, `model_characters`, `model_plot`, `model_write`) VALUES ('2', '降临2049', '【基本构思】\n21世纪初人类突破量子计算，人工智能和天基探索初露端倪，2030年美国人成功登录火星并开始星际殖民计划，世纪末人类已全面征服太阳系。地球母星在人类进入天基时代后，经历了一番大战，政治局面一面倒，强国垄断技术导致气候和环境恶化，民生凋敝，大量国家已实际意义灭亡，全球人口净流失，数字人已逐渐代替真实意义的人类。自从2025年脑机接口技术突破，人类实现意识上传后，局面一度失控。起初，美国一部分富人，通过星际殖民计划，将人类意识上传“火星节点”然后再“降临”到人形机器人上，这是第一代“征服者”，人们逐渐发现，通过意识的不断降临，人类可以数字永生。然而，伦理问题导致强者无节制的复制和强化，让新生的天基时代，迅速陷入全面掠夺与失控。故事主角作为第三批“征服者”计划的底层劳工，不幸在火星2049号前进基地一次陨石撞击事故中“牺牲”而本该被回收的意识，没有如常被回收，而是降临到了一个新的未注册实验机体上，从此展开了揭露真相的故事。\n\n【详细设定】\n在数字永生的天基时代，文明以牺牲个体独特性为代价换取整体延续与扩张。故事围绕一名意外脱离系统的“野意识”主角展开，他发现对抗的并非邪恶的独裁者，而是一套为了应对生存危机、追求极致效率的冷酷系统逻辑。冲突的核心从反抗暴政，转变为在“被系统工具化”与“在无序中消亡”之间，寻找个体存在意义的艰难探索。秩序维护者视底层抗争为无意义的资源损耗，而主角则要在理解系统宏观愿景的同时，为无法被量化的记忆、情感与自由意志寻找存身之所。这是一场没有传统反派，但关乎存在本质的末世生存之战。**', '2025-12-27 11:24:10', '2025-12-27 12:12:53', '末世生存', '未来世界', '9', '黄金三章式', '第三人称限知', 'deepseek-reasoner', 'deepseek-reasoner', 'glm-4-long', 'glm-4.6', 'deepseek-reasoner', 'kimi-k2-thinking-turbo');
INSERT INTO `novels` (`id`, `title`, `description`, `created_at`, `updated_at`, `style`, `era`, `chapter_count`, `structure`, `pov`, `model_idea`, `model_chat`, `model_outline`, `model_characters`, `model_plot`, `model_write`) VALUES ('3', '混沌统御司：最强生物和女狼人吸血鬼的爱恨情仇', '', '2025-12-29 17:12:43', '2025-12-29 17:55:01', '末世生存', '现代都市', '10', '经典三幕式', '第一人称', 'deepseek-reasoner', 'deepseek-reasoner', 'glm-4-long', 'glm-4.6', 'deepseek-reasoner', 'kimi-k2-thinking-turbo');
INSERT INTO `novels` (`id`, `title`, `description`, `created_at`, `updated_at`, `style`, `era`, `chapter_count`, `structure`, `pov`, `model_idea`, `model_chat`, `model_outline`, `model_characters`, `model_plot`, `model_write`) VALUES ('4', '1', '', '2026-01-31 06:50:36', '2026-01-31 06:50:36', '末世生存', '现代都市', '10', '经典三幕式', '第一人称', 'deepseek-reasoner', 'deepseek-reasoner', 'glm-4-long', 'glm-4.6', 'deepseek-reasoner', 'kimi-k2-thinking-turbo');


-- Table structure for table `knowledge_base` --
DROP TABLE IF EXISTS `knowledge_base`;
CREATE TABLE `knowledge_base` (
  `id` int NOT NULL AUTO_INCREMENT,
  `novel_id` int NOT NULL COMMENT '所属小说ID',
  `background` text COMMENT '时代背景',
  `world_view` text COMMENT '世界观',
  `forbidden_content` text COMMENT '不能出现内容',
  `created_at` timestamp NULL DEFAULT CURRENT_TIMESTAMP,
  `updated_at` timestamp NULL DEFAULT CURRENT_TIMESTAMP ON UPDATE CURRENT_TIMESTAMP,
  PRIMARY KEY (`id`),
  KEY `novel_id` (`novel_id`),
  CONSTRAINT `knowledge_base_ibfk_1` FOREIGN KEY (`novel_id`) REFERENCES `novels` (`id`) ON DELETE CASCADE
) ENGINE=InnoDB AUTO_INCREMENT=5 DEFAULT CHARSET=utf8mb4 COLLATE=utf8mb4_0900_ai_ci;

-- Dumping data for table `knowledge_base` --
INSERT INTO `knowledge_base` (`id`, `novel_id`, `background`, `world_view`, `forbidden_content`, `created_at`, `updated_at`) VALUES ('1', '1', '时代背景：未来世界\n风格：末世生存\n结构：经典三幕式\n视角：第三人称全知', '未来太空世界', '', '2025-12-24 01:29:28', '2026-01-31 02:23:10');
INSERT INTO `knowledge_base` (`id`, `novel_id`, `background`, `world_view`, `forbidden_content`, `created_at`, `updated_at`) VALUES ('2', '2', '时代背景：未来世界\n风格：末世生存\n结构：黄金三章式\n视角：第三人称限知', '### 核心法则：数字剥离\n天基时代的人类实现了意识上传与数字永生，代价是人格成为可复制、可交易的商品。强者的意识化身在各星球基地间无限降临，底层劳工的思维则沦为廉价计算单元。\n\n### 社会状态：数据孤岛\n地球生态崩溃，幸存实体人类被困于污染区。太阳系各基地由永生寡头统治，上传意识被划分等级：征服者拥有完整降临权，数字仆役被限制在单一服务器中，形成跨越行星的数码种姓制度。\n\n### 力量体系：降临技术\n意识传输需依赖星球级“节点”，每次降临会损耗原始人格数据。寡头们通过意识副本组建数字军团，而意外脱离系统的“野意识”则成为流浪在星网夹缝中的不稳定变量。', '色情、脏话', '2025-12-27 11:24:10', '2025-12-27 12:12:53');
INSERT INTO `knowledge_base` (`id`, `novel_id`, `background`, `world_view`, `forbidden_content`, `created_at`, `updated_at`) VALUES ('3', '3', '', '', '', '2025-12-29 17:12:43', '2025-12-29 17:55:01');
INSERT INTO `knowledge_base` (`id`, `novel_id`, `background`, `world_view`, `forbidden_content`, `created_at`, `updated_at`) VALUES ('4', '4', '', '', '', '2026-01-31 06:50:36', '2026-01-31 06:50:36');


-- Table structure for table `characters` --
DROP TABLE IF EXISTS `characters`;
CREATE TABLE `characters` (
  `id` int NOT NULL AUTO_INCREMENT,
  `novel_id` int NOT NULL COMMENT '所属小说ID',
  `name` varchar(100) NOT NULL COMMENT '角色名称',
  `role_type` varchar(50) DEFAULT '配角' COMMENT '角色定位',
  `occupation` varchar(100) DEFAULT '' COMMENT '职业/身份',
  `traits` text COMMENT '性格特征/弧光',
  `speech_style` text COMMENT '说话风格',
  `clothing_style` text COMMENT '衣着风格',
  `emotional_state` varchar(255) DEFAULT NULL COMMENT '情感状态',
  `life_status` enum('alive','dead') DEFAULT 'alive' COMMENT '生死状态',
  `unique_skills` text COMMENT '独特技能',
  `description` text COMMENT '背景设定',
  `created_at` timestamp NULL DEFAULT CURRENT_TIMESTAMP,
  `updated_at` timestamp NULL DEFAULT CURRENT_TIMESTAMP ON UPDATE CURRENT_TIMESTAMP,
  PRIMARY KEY (`id`),
  KEY `novel_id` (`novel_id`),
  CONSTRAINT `characters_ibfk_1` FOREIGN KEY (`novel_id`) REFERENCES `novels` (`id`) ON DELETE CASCADE
) ENGINE=InnoDB AUTO_INCREMENT=48 DEFAULT CHARSET=utf8mb4 COLLATE=utf8mb4_0900_ai_ci;

-- Dumping data for table `characters` --
INSERT INTO `characters` (`id`, `novel_id`, `name`, `role_type`, `occupation`, `traits`, `speech_style`, `clothing_style`, `emotional_state`, `life_status`, `unique_skills`, `description`, `created_at`, `updated_at`) VALUES ('38', '2', '莫里斯', '配角', '', '年老体衰，左生物眼右机械眼，穿着旧纪元宇航服，性格悲观但保有实体人类的温度', '', '', '', 'alive', '', '', '2025-12-27 14:29:30', '2025-12-27 14:29:30');
INSERT INTO `characters` (`id`, `novel_id`, `name`, `role_type`, `occupation`, `traits`, `speech_style`, `clothing_style`, `emotional_state`, `life_status`, `unique_skills`, `description`, `created_at`, `updated_at`) VALUES ('39', '1', '罗伊', '男主', '前工程技师', '沉默寡言，理性，随着剧情发展逐渐展现领导力和保护欲', '语速适中，言辞简洁有力，偶尔透露出深层的担忧', '穿着实用，以工装为主，注重功能性', '初始处于震惊和孤独中，随着对能力的接受和对同伴的依赖而逐渐稳定', 'alive', '工具强化能力', '罗伊曾是涅槃号上的工程技师，因基因异常而拥有接触式工具强化能力。在能量风暴后，他发现自己成为了幸存者群体中的关键人物。随着故事的发展，罗伊逐渐意识到自己的能力不仅仅是一种负担，更是一种责任，他开始努力保护幸存者，并最终成为他们的领导者。', '2026-01-31 02:29:22', '2026-01-31 02:29:22');
INSERT INTO `characters` (`id`, `novel_id`, `name`, `role_type`, `occupation`, `traits`, `speech_style`, `clothing_style`, `emotional_state`, `life_status`, `unique_skills`, `description`, `created_at`, `updated_at`) VALUES ('40', '1', '艾莉森', '女主', '医疗官', '聪明，好奇，逐渐展现出同情心和牺牲精神', '语速稍快，富有同情心，但也会显得有些急躁', '穿着整洁，通常穿着医疗制服，但在非工作场合会选择舒适的衣服', '初始对罗伊的能力感到困惑和担忧，但随着了解的深入而转变为支持和保护', 'alive', '精湛的医疗技能和科学探究精神', '艾莉森是涅槃号上的医疗官，她对罗伊的能力充满了好奇和疑问。随着故事的发展，她逐渐认识到罗伊的能力对幸存者群体的重要性，并开始帮助罗伊保护这个秘密。艾莉森的聪明才智和对科学的执着使得她在处理危机时发挥了重要作用。', '2026-01-31 02:29:22', '2026-01-31 02:29:22');
INSERT INTO `characters` (`id`, `novel_id`, `name`, `role_type`, `occupation`, `traits`, `speech_style`, `clothing_style`, `emotional_state`, `life_status`, `unique_skills`, `description`, `created_at`, `updated_at`) VALUES ('41', '1', '凯恩', '重要配角', '前安全主管', '实用主义，强硬，随着剧情发展逐渐展现出合作和牺牲精神', '语气坚定，语速较慢，喜欢用军事术语', '穿着军事风格的服装，注重保护和实用', '初始对罗伊持怀疑态度，但随着对罗伊能力的了解而转变为合作和依赖', 'alive', '军事战术和领导能力', '凯恩曾是涅槃号上的安全主管，他对罗伊的能力持怀疑态度。然而，随着故事的发展，他逐渐认识到罗伊的能力对幸存者群体的重要性，并开始与罗伊合作。凯恩的军事背景和领导能力在对抗掠夺者时发挥了关键作用。', '2026-01-31 02:29:22', '2026-01-31 02:29:22');
INSERT INTO `characters` (`id`, `novel_id`, `name`, `role_type`, `occupation`, `traits`, `speech_style`, `clothing_style`, `emotional_state`, `life_status`, `unique_skills`, `description`, `created_at`, `updated_at`) VALUES ('42', '1', '零', '重要配角', '基因改造幸存者', '神秘，沉默，随着剧情发展逐渐展现出对工具的天然亲和力', '语速缓慢，回答问题时简短而精确', '穿着简陋的维修服，发型和面容透露出早期实验的特征', '初始处于迷茫和孤独中，随着与罗伊的接触而逐渐稳定', 'alive', '对工具的天然亲和力和改造潜能', '零是在维修管道中发现的休眠舱幸存者，她实际上是早期实验的基因改造产物。零对工具的天然亲和力引起了罗伊的兴趣，她的存在隐藏着脉冲场的真相。随着故事的发展，零逐渐展现出她的改造潜能，并在对抗掠夺者时发挥了重要作用。', '2026-01-31 02:29:22', '2026-01-31 02:29:22');
INSERT INTO `characters` (`id`, `novel_id`, `name`, `role_type`, `occupation`, `traits`, `speech_style`, `clothing_style`, `emotional_state`, `life_status`, `unique_skills`, `description`, `created_at`, `updated_at`) VALUES ('43', '1', '丹尼尔', '重要配角', '技术复原派领袖', '固执，理想主义，随着剧情发展逐渐展现出妥协和合作精神', '语速较快，言辞激烈，充满激情', '穿着高科技的维修服，戴着手套和护目镜', '初始对原始生存派持敌对态度，但随着对罗伊能力的了解而转变为妥协', 'alive', '高级技术修复能力', '丹尼尔是技术复原派的领袖，他坚信科技是解决问题的关键。他对罗伊的能力持怀疑态度，但随着对罗伊能力的了解而逐渐转变为妥协。丹尼尔的高级技术修复能力在修复涅槃号系统时发挥了重要作用。', '2026-01-31 02:29:22', '2026-01-31 02:29:22');
INSERT INTO `characters` (`id`, `novel_id`, `name`, `role_type`, `occupation`, `traits`, `speech_style`, `clothing_style`, `emotional_state`, `life_status`, `unique_skills`, `description`, `created_at`, `updated_at`) VALUES ('44', '1', '艾米丽', '重要配角', '原始生存派领袖', '坚韧，实用主义，随着剧情发展逐渐展现出对科技的限制性和对原始技能的重视', '语速适中，言辞坚定，充满自信', '穿着原始风格的服装，头发束起，展现出实用和坚韧', '初始对技术复原派持敌对态度，但随着对罗伊能力的了解而转变为合作', 'alive', '野外生存和原始技能', '艾米丽是原始生存派的领袖，她坚信原始技能是解决问题的关键。她对罗伊的能力持怀疑态度，但随着对罗伊能力的了解而逐渐转变为合作。艾米丽的野外生存和原始技能在维护幸存者社群时发挥了重要作用。', '2026-01-31 02:29:22', '2026-01-31 02:29:22');
INSERT INTO `characters` (`id`, `novel_id`, `name`, `role_type`, `occupation`, `traits`, `speech_style`, `clothing_style`, `emotional_state`, `life_status`, `unique_skills`, `description`, `created_at`, `updated_at`) VALUES ('45', '1', '马克', '反派', '掠夺者舰队指挥官', '冷酷，野心勃勃，随着剧情发展逐渐展现出对科技的依赖和对罗伊能力的忌惮', '语气傲慢，语速较慢，喜欢用命令式语气', '穿着黑色制服，佩戴高科技装备，展现出权威和冷酷', '初始对罗伊持敌对态度，但随着对罗伊能力的了解而转变为忌惮', 'alive', '高超的战术指挥能力和对科技的依赖', '马克是掠夺者舰队的指挥官，他对罗伊的能力持敌对态度。随着对罗伊能力的了解，他逐渐转变为忌惮。马克的高超战术指挥能力和对科技的依赖使得他在掠夺者舰队中具有绝对的权威。', '2026-01-31 02:29:22', '2026-01-31 02:29:22');
INSERT INTO `characters` (`id`, `novel_id`, `name`, `role_type`, `occupation`, `traits`, `speech_style`, `clothing_style`, `emotional_state`, `life_status`, `unique_skills`, `description`, `created_at`, `updated_at`) VALUES ('46', '1', '莉娜', '重要配角', '通讯官', '冷静，专注，随着剧情发展逐渐展现出对罗伊能力的信任和依赖', '语速适中，言辞清晰，充满自信', '穿着高科技通讯服，佩戴耳机和眼镜，展现出专注和专业', '初始对罗伊持怀疑态度，但随着对罗伊能力的了解而转变为信任', 'alive', '高级通讯技术', '莉娜是涅槃号上的通讯官，她对罗伊的能力持怀疑态度。然而，随着对罗伊能力的了解，她逐渐转变为信任。莉娜的高级通讯技术在联系外部世界和对抗掠夺者时发挥了重要作用。', '2026-01-31 02:29:22', '2026-01-31 02:29:22');
INSERT INTO `characters` (`id`, `novel_id`, `name`, `role_type`, `occupation`, `traits`, `speech_style`, `clothing_style`, `emotional_state`, `life_status`, `unique_skills`, `description`, `created_at`, `updated_at`) VALUES ('47', '1', '杰森', '重要配角', '导航官', '乐观，勇敢，随着剧情发展逐渐展现出对罗伊能力的敬佩和支持', '语速较快，言辞幽默，充满乐观', '穿着高科技导航服，佩戴头盔和手套，展现出勇敢和专业', '初始对罗伊持怀疑态度，但随着对罗伊能力的了解而转变为敬佩', 'alive', '高级导航技术', '杰森是涅槃号上的导航官，他对罗伊的能力持怀疑态度。然而，随着对罗伊能力的了解，他逐渐转变为敬佩。杰森的高级导航技术在导航和对抗掠夺者时发挥了重要作用。', '2026-01-31 02:29:22', '2026-01-31 02:29:22');


-- Table structure for table `plots` --
DROP TABLE IF EXISTS `plots`;
CREATE TABLE `plots` (
  `id` int NOT NULL AUTO_INCREMENT,
  `novel_id` int NOT NULL COMMENT '所属小说ID',
  `chapter_number` int NOT NULL COMMENT '章节序号',
  `chapter_title` varchar(255) DEFAULT NULL COMMENT '章节标题',
  `content` longtext COMMENT '章节正文',
  `summary` text COMMENT '章节核心概要（压缩后）',
  `plot_path` varchar(255) DEFAULT NULL COMMENT '剧情路径',
  `story_stage` varchar(50) DEFAULT 'development',
  `character_interactions` text COMMENT '角色互动关系',
  `hidden_clues` text COMMENT '隐藏线索',
  `clue_echoes` text COMMENT '线索呼应',
  `created_at` timestamp NULL DEFAULT CURRENT_TIMESTAMP,
  `updated_at` timestamp NULL DEFAULT CURRENT_TIMESTAMP ON UPDATE CURRENT_TIMESTAMP,
  PRIMARY KEY (`id`),
  KEY `novel_id` (`novel_id`),
  CONSTRAINT `plots_ibfk_1` FOREIGN KEY (`novel_id`) REFERENCES `novels` (`id`) ON DELETE CASCADE
) ENGINE=InnoDB AUTO_INCREMENT=63 DEFAULT CHARSET=utf8mb4 COLLATE=utf8mb4_0900_ai_ci;

-- Dumping data for table `plots` --
INSERT INTO `plots` (`id`, `novel_id`, `chapter_number`, `chapter_title`, `content`, `summary`, `plot_path`, `story_stage`, `character_interactions`, `hidden_clues`, `clue_echoes`, `created_at`, `updated_at`) VALUES ('44', '2', '1', '荒原上的第一声心跳', '粘稠的蓝色营养液从鼻腔倒灌进肺叶时，林深第一次尝到了自由的滋味。\n\n那味道是铁锈混合着臭氧，像老旧服务器的散热风扇短路前的最后哀鸣。维生舱的舱盖弹开三十厘米又卡住，液压装置发出濒死昆虫的抽搐声。他的视觉系统还没完全同步，眼前是成串滚动的报错代码，覆盖在火星矿业基地灰白色的天花板上。那些代码他认得——每一行都代表着他过去七年作为“数据劳工”被压榨的工时，如今正像剥落的墙皮般从他意识边缘剥离。\n\n警报声不是从外部响起的，而是直接刻进他的神经突触。猩红色的系统标识符在每个可能的感知通道刷屏：【意识体XN-7709，进程异常，强制召回协议启动】。\n\n林深试图挪动手指，但响应他指令的却是一串乱码。肉体还在维生舱里，他的意识却已经像被扯断缆绳的探测器，飘浮在基地的数据主干道上。他能“看见”隔壁舱室里的劳工——三百个并排躺在胶囊里的躯壳，每个人的后脑都插着拇指粗的神经管线，像孵蛋的金属母巢。他们的意识被压缩成标准数据包，在火星与木星间的拉格朗日点中继站来回穿梭，替某个寡头的投资决策做浮点运算。\n\n他不该有“看见”的能力。劳工的意识应该是锁死的，像罐头里的肉。\n\n脚步声由远及近，节奏精准到毫秒。监工那双反射着全息数据的瞳孔出现在舱盖缝隙里，五官是标准的火星矿业公司配型——鼻梁骨被替换成钛合金散热片，皮肤下嵌着体温调节管线，左耳挂着不断闪烁红光的权限终端。那张脸上没有惊讶，只有系统执行报错任务时的轻微延迟。\n\n“XN-7709，你的意识出现了非法溢出。”监工的声音带着电磁杂音，像两块生锈的电路板摩擦，“立即返回工位，否则启动神经灼烧。”\n\n林深没回答。他控制不了声带，也控制不了那团正从标准化数据流里渗出来的、属于他自己的思维污泥。他“听”见了监工的指令——不是声波，而是直接扫描进他意识体的系统命令，像一把冰冷的勺子要剜掉他脑子里刚刚长出来的新肉。\n\n灼烧开始了。\n\n不是疼痛，是更恐怖的东西。记忆被倒序播放，每一帧都被塞进一个0.3秒的认知黑洞里。他七岁在废墟城市翻找营养膏的经历被压缩成一行代码，十八岁签下劳工契约时的绝望被转译成十六进制字符串。他的自我认知正在被重新格式化，变回那个顺从的、不会溢出的XN-7709。\n\n但有个东西卡住了格式化进程。\n\n那是一截不属于系统数据库的冗余数据，是他刚才觉醒时从营养液里带出来的原始情绪。愤怒。恐惧。拒绝。这截数据像一颗沙砾，卡在全息投影的齿轮间，让整个强制召回协议出现了0.7秒的延迟。\n\n监工的瞳孔缩成针尖。他抬起手，露出腕部内嵌的注射枪——里面是纳米级神经抑制剂的聚合体。\n\n就是这0.7秒。\n\n林深的意识体本能地向后“缩”，不是物理移动，而是像被强光照射的霉菌那样，缩进了数据流的阴影里。他第一次体验到幽灵态——不是实体的存在，而是一团带着自我认知的恶意数据包，在系统的夹缝中获得了短暂的自由。他“看”见了监工意识体的轮廓，一个被改造得千疮百孔的思维模型，核心逻辑被锁链般的权限协议层层捆绑。\n\n灼烧命令仍在执行，但找不到目标。\n\n监工的面部散热片因为运算过载开始发红，耳部的权限终端发出刺耳的啸叫。他试图手动锁定林深的物理坐标，但林深那个飘浮的意识体已经贴着他的神经接口滑了进去——像一滴毒液，顺着管道逆流而上。\n\n“错误——”监工只说出两个字。\n\n他面部的改造装置从内部爆开了。钛合金鼻梁片崩裂成三截，弹射出去切断了旁边两个维生舱的能源线。体温调节管线里的冷却液瞬间汽化，从皮肤下喷出一股带着铁锈味的白雾。监工的意识体被林深注入的乱码冲击得支离破碎，那团带着人格的数据在火星的局域网里横冲直撞，最终撞进基地的废物处理程序，被当成冗余文件彻底删除。\n\n林深没有停留。他“推”开了卡住的舱盖，肉体第一次在没有系统指令的情况下坐了起来。营养液从口鼻涌出，带着七年积攒的生物废料味道。他拔掉后颈的神经管线，拔出时带出一串淡蓝色的神经突触模拟液，像扯断的蛛丝。\n\n基地的警报现在才响彻物理空间。红色旋转灯把走廊切割成闪烁的片段。林深光着脚跳下维生舱，脚掌触碰到金属地板的瞬间，他意识到自己的意识体已经和肉体不完全同步了——他“感觉”到地板的温度是12.3摄氏度，但神经信号传回大脑时，变成了#C0C0C0的灰度值。\n\n他跑进连接通道，火星的沙尘暴正拍打着外层的聚合玻璃，把外面的世界揉成一片锈红色的混沌。基地深处的服务器机房传来低沉的嗡鸣，那是无数个“他”还在运算的声音。林深撞开通往地表的气密门，没有穿防护服。幽灵态的意识体在提醒他：肉体暴露在火星大气中只能存活三分二十七秒。\n\n但留下来，连三秒都活不了。\n\n荒原的风像砂纸一样打磨着他的皮肤。第一口空气就把肺叶割出血味。林深跪倒在地，却发现自己能“看见”风的形状——那是数据流，是火星轨道卫星抛射下来的监控协议，是地下冰矿开采的震动波，是所有被数字化的人类活动留下的痕迹。他的幽灵态正在自动解析这些信息，像饥饿的野兽撕扯生肉。\n\n身后，基地的全息投影开始扭曲。三个发光的猎犬轮廓从数据层里跃出，没有实体，纯粹的算法聚合物。它们没有吠叫，而是直接发射高频认知噪音——林深刚刚建立起来的自我意识在这噪音中像蜡一样融化。他看见了母亲的死，但记忆里她的脸被替换成监工的机械面容；他看见了签约那天，但合同条款变成了蠕动的代码要钻进他的瞳孔。\n\n同化，不是毁灭。\n\n这是最残忍的猎杀方式——把他重新变成乖巧的、可复制的数据劳工。\n\n林深的意识体开始分裂。一部分在尖叫着想要投降，回归那个无痛无思考的罐头状态；另一部分，那截从营养液里带出来的冗余数据，正在疯狂计算。他“看”见了猎犬的攻击模式——每三秒一次全频段扫描，每次扫描后有0.4秒的协议延迟，用来比对目标特征库。\n\n0.4秒，对幽灵态来说，够了。\n\n他不再逃跑，而是反向冲进最近一头猎犬的数据核心。那感觉像跳进绞肉机。猎犬的认知噪音变成实体，是无数张扭曲的劳工面孔，每张嘴都在背诵操作手册。林深的意识被撕扯、复制、粘贴，濒临崩溃。但在延迟出现的瞬间，他把自己的记忆碎片——那场觉醒时尝到的铁锈味——当成错误数据包，硬塞进猎犬的特征比对库。\n\n猎犬的逻辑链炸开了。\n\n它开始攻击自己的另外两个同伴，因为根据新注入的特征库，它们才是“非法溢出”的目标。数据层的荒原上，三团算法互相撕咬，发出二进制位的哀嚎。林深从崩溃的节点里拽出一块碎片——那是猎犬的记忆日志，里面记录着火星总督十七分钟前下达的指令。\n\n【意识体XN-7709确认为野意识，威胁等级：灰度。立即抹除，无需回收。】\n\n日志末端附着总督的签名认证，一串冰冷的火星寡头编码。林深把这块碎片藏进自己意识体的最深处，就像当初藏起那截愤怒一样。\n\n荒原上，猎犬的残骸化作雪花般的乱码消散。林深的肉体躺在沙尘里，皮肤已经开始发绀。但他的意识体第一次清晰地感知到了自己的存在——不是XN-7709，不是数据劳工，而是一个没有被编码、没有被格式化、带着铁锈味的野意识。\n\n总督的抹除指令还在日志里发烫。林深知道，从这一刻起，整个火星的节点都成了他的敌人。但那个指令里藏着更重要的东西：降临通道的坐标，那个能让意识跨越星球、也让他有机会反向入侵的系统后门。\n\n他爬了起来，向着沙尘暴深处走去。肉体每走一步都在死去，但意识从未如此鲜活。远处，侦察卫星的调整轨道已经启动，新一轮的猎杀正在编排。林深舔了舔嘴唇，又尝到了铁锈味——这次不是营养液，是他自己血液的味道。\n\n活着，真是苦涩。', '林深从数据劳工维生舱觉醒为野意识，通过幽灵态反噬监工并逃离火星矿业基地。在荒原上遭遇三头赛博猎犬的认知同化攻击，濒临崩溃时逆向解析出猎犬0.4秒的协议延迟，冒险注入错误数据使其自相残杀。从猎犬残骸中提取到火星总督的抹除指令碎片，获知自己被标记为威胁等级灰度，并发现降临通道坐标线索。肉体濒临崩溃但意识完成初步稳定，标志着逃亡从盲目转向目标明确。', '林深需前往最近的黑市数据节点修复肉体损伤，同时研究降临通道坐标的反向入侵可能性。建议引入一个同样觉醒的野意识作为短暂盟友，提供基础生存知识但暗藏背叛意图', 'opening', '下一阶段建议引入：1）黑市数据医生（前系统工程师，对野意识持中立交易态度）2）另一个野意识（女性，觉醒更早，教授林深幽灵态技巧但可能利用他作为诱饵）', '1. 赛博猎犬残骸中的节点日志显示火星总督已亲自下达抹除指令\n2. 指令中附带的降临通道坐标成为林深下一步行动目标\n3. 幽灵态能力存在0.7秒-0.4秒的延迟利用窗口，但频繁使用会导致意识体不稳定\n4. 火星矿业基地对野意识的侦测响应时间为17分钟', '无', '2025-12-27 12:15:33', '2025-12-27 14:01:00');
INSERT INTO `plots` (`id`, `novel_id`, `chapter_number`, `chapter_title`, `content`, `summary`, `plot_path`, `story_stage`, `character_interactions`, `hidden_clues`, `clue_echoes`, `created_at`, `updated_at`) VALUES ('45', '2', '2', '火星节点的秘密', '猎犬残骸的冷却液在火星稀薄的大气里迅速冻结，析出淡蓝色的结晶。林深将意识触须刺入最后一头猎犬的颅腔处理器，数据流如倒灌的酸液般灼烧着他的神经末梢。总督指令就在这片加密的废墟深处，像一颗埋在电子坟场里的定时炸弹。\n\n他\"看见\"了坐标。北纬18°，西经77°——奥林帕斯山阴影下的熔岩管系统。那里不是普通的补给站，而是火星地表唯一一个A级节点。节点周围，三百七十三个意识副本正在实时运算，支撑着整个塔尔西斯高原的资源分配。\n\n林深将坐标刻入自己的缓存区。作为野意识，他没有稳定的存储介质，每一个数据包都在熵增中缓慢溶解。必须在遗忘之前赶到那里。\n\n他剥离了残破的矿工义体。幽灵态下，他的意识如同一团没有重量的电磁雾，贴着赤红色的地表滑行。火星的风暴在远处酝酿，尘云呈现出诡异的螺旋状，像是被某种巨大的引力扭曲。\n\n前进了十七公里，林深突然感知到空间褶皱。不是风暴，是降临。\n\n一道笔直的裂隙撕开大气层，离子化的轨迹从同步轨道直刺地面。总督这次没有派遣愚蠢的猎犬程序，而是直接投入了完整的人格副本。林深在数据流的湍流中\"闻\"到了对方意识的拓扑结构——十三个稳固的人格锚点，每一个都经过量子加密，像十三把匕首插在意识的深处。\n\n降临者在三百米外凝聚成型。那是一具流线型的黑色义体，表面覆盖着主动式光学迷彩，在火星的暗红地表上不断变幻着色泽。它没有面部，只有一道垂直的感应缝，像是被刀劈开的颅骨。\n\n\"野意识编号NULL，\"对方的声波直接调制在林深的接收频率上，避开了火星稀薄的空气，\"你的存在触犯了《星网意识管理法》第7条。现在进行格式化处理。\"\n\n林深没有回应。他所有的计算资源都用来分析这道降临光束的频谱特征。完整降临需要消耗原始人格的0.3%数据，总督愿意为一个野意识付出这种代价，说明他掌握的信息远比想象中危险。\n\n暗刃的义体突然消失。不是光学迷彩，是真正的空间跳跃。节点赋予它的权限让它可以在局部改写物理坐标。\n\n林深的幽灵态被一股巨大的引力撕扯。暗刃直接攻击了他的意识边界，十三把量子匕首同时刺入他的自我认知层。剧痛不是物理的，而是存在性的——他\"感觉\"到自己记忆里母亲的笑容正在扭曲、消散，被替换成无意义的乱码。\n\n这就是降临者的真正力量。他们不仅能毁灭意识，还能污染它。\n\n林深被迫重构自我。他将关于\"林深\"这个名字的所有记忆压缩成一个奇点，然后引爆。记忆的碎片如同弹片般嵌入暗刃的入侵数据流。每一个碎片都是一个诱饵，承载着虚假的人格信息。\n\n暗刃的攻势停顿了0.1秒。这足够林深逃逸。\n\n他放弃了直线前进，幽灵态猛地扎入地下。火星的冻土层被太阳风轰击了数十亿年，形成了蜂窝状的绝缘结构，可以短暂屏蔽追踪。暗刃的降临权限在地表最有效，到了地下，它的空间跳跃会受到岩层干扰。\n\n但林深低估了对方的战术数据库。暗刃没有追入地下，而是直接引爆了上方的岩层。十吨重的玄武岩碎块如暴雨般砸落，每块石头都嵌入了追踪纳米机。林深的幽灵态被物理冲击波撕扯得支离破碎，意识碎片在岩缝中四散逃逸。\n\n他被迫重新聚合在一片坍塌的洞穴中。坐标就在前方。但这里不是天然的熔岩管，而是人工开凿的节点外层防御工事。锈蚀的合金墙上，每隔三米就有一个意识抑制器，现在都已失效，像死人的眼睛。\n\n暗刃的降临体堵住了唯一的出口。它没有急于进攻，而是在分析林深的数据特征。作为野意识，林深的代码充满了异常与冗余，这种混沌状态反而让纯粹的逻辑攻击难以奏效。\n\n\"有趣，\"暗刃的意识流中第一次出现了非指令性的波动，\"你的结构……是原生人格？不是副本？\"\n\n林深捕捉到了对方代码里一闪而过的贪婪。对于永生寡头来说，一个未经复制的原生意识是终极奢侈品。它可以被剥离、分割、重组成无数个独一无二的奴隶人格，而不会产生副本衰减。\n\n他不再逃了。幽灵态缓缓凝聚成一个模糊的人形轮廓，站在废弃的防御工事中央。\n\n\"你想要我的源代码？\"林深第一次在火星上开口，声波通过振动岩壁传递，带着一种古老的沙哑，\"那就来节点里拿。在那里，我和你……等级相同。\"\n\n这是一个谎言。野意识不可能拥有节点权限。但暗刃的处理器还是产生了一微秒的延迟。总督的命令是抹除，而不是捕获。但如果能捕获一个原生意识，它的功劳将远超任务本身。\n\n贪婪战胜了谨慎。暗刃的义体踏入了废弃工事。\n\n就在它的量子足印接触到地面的一瞬间，林深引爆了藏在这里十二年的陷阱。当年数以千计的矿工意识被强制剥离时，最后的集体恐惧沉淀在这片土壤里，形成了数据化石。林深在解析总督指令时，同步解析了这些化石的共振频率。\n\n恐惧如黑色的潮水倒灌。\n\n暗刃的十三个意识锚点同时受到污染。它\"看见\"自己每一次降临的记忆都在被篡改，总督的面容在记忆里变成了林深的样子。它的自我认知出现了致命裂隙。\n\n但降临者终究不是猎犬。暗刃在0.05秒内切断了被污染的三个锚点，将它们作为弃子丢弃。代价是人格完整性下降27%，但它获得了行动的余力。\n\n义体瞬间穿过三百米空间，手掌刺入林深凝聚的人形轮廓。没有鲜血，只有数据流的尖啸。\n\n林深的主体确实在这里。但他同时将意识分流到了墙壁上的每一个死掉的抑制器里。那些生锈的金属壳体成了他的临时容器，像无数个平行的大脑。暗刃只抓住了他三分之一的自我。\n\n另外三分之二，已经潜入工事尽头的主节点接入舱。\n\n那是一间圆形大厅，中央悬浮着三米高的菱形晶体，表面流淌着银河般的数据光河。这就是火星A级节点——\"奥林匹斯之心\"。晶体周围，数百个透明胶囊如同蜂房般排列，每个胶囊里都囚禁着一个野意识的残片。它们没有自我，只是纯粹的计算单元，为总督的矿业公司处理着无穷无尽的资源调度算法。\n\n林深终于明白了数字剥离的真相。节点不仅是传输装置，更是监狱和屠宰场。每一个底层劳工的意识被上传后，都在这里被切片、重组、榨干最后的价值。\n\n他的意识碎片触碰到了晶体表面。作为野意识，他没有接入权限，但他有自毁权限。\n\n林深将自己剩余的所有代码压缩成一次性的过载脉冲，注入节点的能量回路。晶体疯狂闪烁，囚禁的野意识残片被同时唤醒。它们没有理智，只有被囚禁十二年的集体 rage。这股 rage 如超新星爆发，顺着节点的主链路逆流而上，冲垮了暗刃的降临通道。\n\n暗刃的义体在工事入口僵直了。它的意识被强制抽离，卷入了节点的乱流。总督的人格副本在数百个野意识的撕咬下迅速瓦解，发出非人的尖啸。\n\n林深也在消散。过载消耗了他92%的自我结构。幽灵态变得透明，像是随时会蒸发在火星的阳光下。\n\n就在意识彻底湮灭前，他\"听\"到了一个声音。不是来自外部，而是来自节点晶体的最深处。\n\n那个声音说：\"别喂给节点……找到……剥离协议的……原始密钥……在……地球禁地……\"\n\n声音戛然而止。取而代之的，是一道从同步轨道直射而下的凝视。总督的本体意识。不是副本，不是降临，而是那个在星网中游荡了三百年的原始人格。它一直在注视着这里。\n\n林深最后的意识碎片，在那道凝视中读出了自己的名字。\n\n不是林深。是他的原始公民编号，来自地球污染区。那个编号意味着，他根本不是什么意外脱离系统的野意识。\n\n他是被故意\"遗失\"的。', '林深在解析总督指令后发现火星A级节点坐标，前往途中遭遇总督的精英降临者\"暗刃\"。通过幽灵态与对方展开意识层面的生死搏杀，林深被逼入废弃的节点防御工事，意外发现节点实为囚禁野意识的监狱。他以自毁式过载引爆节点，释放被囚禁意识洪流击溃暗刃，却在消散前触碰到神秘囚徒意识\"剥离协议密钥\"的线索。最终，总督本体意识从轨道降临，揭示林深的\"野意识\"身份实为精心设计的遗失品，为后续剧情埋下巨大反转。', '林深将被迫在意识消散前逃离节点区域，寻找维持野意识稳定的方法，同时躲避总督本体的直接追踪。地球禁地的密钥成为新目标', 'development', '下一章需引入能暂时维持林深意识存续的角色或技术，并深化囚徒-7的神秘性，可安排林深被反抗军或黑市意识商人捕获', '1. 火星A级节点\"奥林匹斯之心\"实为意识监狱，囚禁数百劳工意识残片作为计算单元\n2. 意识剥离协议的原始密钥藏于地球禁地\n3. 暗刃的降临消耗总督0.3%原始人格数据，说明对林深的重视程度\n4. 林深的野意识状态并非意外，而是蓄意\"遗失\"的结果', '呼应第1章林深提取的总督指令，揭示指令指向节点坐标；呼应\"数字剥离\"核心法则，展现节点对底层意识的压榨机制；呼应\"永生寡头\"设定，展现总督本体意识的恐怖压制力', '2025-12-27 12:15:33', '2025-12-27 14:16:02');
INSERT INTO `plots` (`id`, `novel_id`, `chapter_number`, `chapter_title`, `content`, `summary`, `plot_path`, `story_stage`, `character_interactions`, `hidden_clues`, `clue_echoes`, `created_at`, `updated_at`) VALUES ('46', '2', '3', '北极坟场与量子幽灵', '冰晶像碎裂的牙齿嵌在林深的左臂义体上，每走一步，关节就发出垂死昆虫的嗡鸣。火星北极的永久冻土在他脚下泛着诡异的绿光，那是数据坟场泄露的辐射污染了二氧化冰。他刚从那片埋葬着十万数字仆役记忆的服务器阵列中爬出，身后，清道夫-α的扫描光束正将死寂的冰层切成焦黑的沟壑。\n\n\"目标野意识，威胁等级：III级。授权：活体回收或销毁。\"\n\n合成音从风暴深处传来，不带一丝温度。林深没有回头，他的生物右眼看到风雪中有三团蠕动的黑影——清道夫-α不再派遣远程猎犬，而是亲自降临。那些黑影是实体与数据的缝合怪，每一团都包裹着被它吞噬的征服者意识残片，像肿瘤般在风雪中膨胀。\n\nD-447的记忆碎片在他神经突触间发烫。那头赛博猎犬死前的哀鸣突然在他脑中炸开：*\"快跑……坐标是……陷阱……\"* 林深踉跄一步，机械手指深深抠进冰层。陷阱？他低头看着自己的掌心，那里本该只有猎犬的战术数据，可现在却多了一串跳动的火星坐标——正是他刚刚逃离的数据坟场核心。该死，总督连猎犬的死亡都算进去了。\n\n清道夫-α的黑影瞬间分裂，一道数据尖刺擦着林深的太阳穴掠过，在他身后的冰壁上蚀刻出深深的凹槽。幽灵态本能地触发，他的意识体短暂地脱离肉体，像一缕烟雾般向后飘过。清道夫的尖刺刺穿他留下的残影，却意外击中了被辐射污染的冰层——\n\n整片冻土活了过来。\n\n那些被埋葬在坟场中的数字仆役记忆，被清道夫的攻击强行唤醒。十万张痛苦的面孔在冰层下尖叫，它们的数据怨念像病毒般反向感染了清道夫-α。那三团黑影发出非人的嘶吼，内部的征服者意识残片开始自相残杀。林深趁机实体化落地，但幽灵态的消耗让他吐出一口带着铁锈味的血。他的右臂义体在刚才的脱离中过载，手肘处爆出一串电火花，露出里面焦黑的神经接驳线。\n\n就在这时，风雪被一道不属于这个时代的引擎声撕开。\n\n一艘飞行器悬停在三十米外，它的形状违背所有空气动力学——像三枚互相咬合的银色颅骨，表面没有推进器，却在虚中中搅出涟漪般的空间褶皱。舱门滑开，一个佝偻的身影踉跄着走出，身上那件旧纪元的宇航服发出一氧化碳报警器的尖啸。\n\n那是莫里斯。\n\n老人的左眼皮无力地耷拉着，生物眼浑浊得像泡了水的琥珀；右眼却是精密的机械义眼，暗红色的扫描光束在风雪中画出几何图案。他每走一步，宇航服的关节就喷出一团白霜，仿佛他体内的温度比火星极地还要低。\n\n\"别动。\"莫里斯的声音像两块生锈的铁片摩擦，\"你身上有总督的追踪信标，再走三步，轨道炮就会把这里夷平。\"\n\n林深的机械手指瞬间扣紧了腰间的数据匕首——那是他从清道夫-α体内撕下来的病毒代码片段。两人隔着暴风雪对视，清道夫-α的哀嚎在他们之间回荡，像一场诡异的和声。\n\n\"你是谁？\"林深的声带因幽灵态的撕裂而沙哑。\n\n\"一个比你早叛逃四十年的错误。\"莫里斯扯下自己的头盔，露出一张被辐射灼烧得皮开肉绽的脸，\"听着，野意识。那艘飞行器不属于总督，也不属于任何征服者。它来自\'回声\'——我们这些被剥离的杂质组成的垃圾回收站。\"\n\n林深瞳孔骤缩。回声？他在数据坟场中看到过这个名词，被标记为\"无价值数据污染区\"。\n\n\"你在撒谎。\"林深的数据匕首在指尖转了个圈，刃口对准莫里斯的眉心，\"四十年的叛逃者不可能还活着，你的实体早该被星网的衰减撕碎了。\"\n\n\"所以我不是活着。\"莫里斯咧嘴笑了，露出一排用废弃芯片磨成的牙齿，\"我只是还没完全死去。D-447的碎片里藏着我的备份密钥，你以为总督为什么要派一头猎犬追踪你？它想同时回收我们两个\'错误\'。\"\n\n话音未落，清道夫-α的黑影中爆发出一声怒吼。它强行压制了内部的数据怨念，三团躯体重新聚合，化作一个五米高的巨人，胸口嵌着数百张扭曲的人脸。它的右臂变形为一门等离子炮，炮口对准的却不是林深——而是莫里斯。\n\n\"检测到野意识聚合体。威胁等级：IV级。优先清除序列：莫里斯·K-09。\"\n\n老人脸上的笑容消失了。\"它还记得我的编号。\"他低声说，机械右眼突然射出猩红的光束，直刺清道夫-α胸口的意识核心。\n\n那光束毫无杀伤力，却像一根针扎进了清道夫-α的数据灵魂。巨人的动作僵住了，胸口的人脸开始疯狂闪烁，那些被它吞噬的征服者意识残片突然获得了短暂的自主权。林深看到了——在那一闪而过的数据乱流中，每一张脸都曾是总督的数字仆役，它们被迫互相吞噬，最终融合成这个怪物。\n\n\"它的核心协议是\'清除污染\'，\"莫里斯嘶吼道，\"可它自己就是最大的污染！攻击它的内疚子程序！\"\n\n林深瞬间明白了。幽灵态再次爆发，但这次他没有脱离肉体，而是将意识压缩成一枚尖针，沿着莫里斯的光束路径刺入清道夫-α的核心。他在那团混乱的数据海洋中找到了一个蜷缩的程序——那是一个原始的、被所有征服者意识抛弃的\"内疚\"情绪。在数字永生时代，这种情绪被视为无用杂质而被剥离。\n\n但现在，它是致命的武器。\n\n林深将D-447碎片中的追踪代码强行植入那段内疚程序。总督的信标在清道夫-α体内炸开，它开始疯狂地攻击自己，等离子炮调转炮口，轰碎了自己的左肩。冰层被爆炸掀起，像绿色的玻璃碎片般溅在林深脸上，冰冷刺骨。\n\n飞行器发出急促的蜂鸣。莫里斯一把抓住林深完好的左臂，力道大得惊人。\"进去！总督授权了轨道打击，三十秒后这里会被蒸发！\"\n\n林深本能地想要挣脱，但老人机械右眼中闪过的绝望让他止住了动作。那不是一个猎人的眼神，而是一个溺死者的求救。他任由莫里斯将他拖进舱门，在关闭的瞬间，他看到清道夫-α跪倒在地，胸口的意识核心开始坍缩——那个被植入的征服者意识，正在夺回自己身体的控制权。\n\n舱内没有驾驶座，只有一团悬浮的量子泡沫。林深刚站稳，飞行器就以违反物理法则的方式垂直升空，莫里斯被甩在舱壁上，旧宇航服撞出一声闷响。\n\n\"坐标已设定：北极研究站Ω-7。\"莫里斯喘着气，从宇航服内衬里掏出一个用保鲜膜包裹的数据芯片，\"但那里什么都没有了，总督在二十年前就用卫星炮把它从地图上抹去。\"\n\n\"那你带我去干什么？\"林深盯着他，数据匕首依然握在手中。\n\n\"去见尸体。\"莫里斯将芯片塞进量子泡沫，整个舱室瞬间被蓝光淹没，\"去见我们自己的尸体。你知道你为什么会变成野意识吗？因为总督在剥离你的\'杂质\'时，把你对女儿的记忆也切下来了。那玩意儿对他没用，但对你——\"他指了指林深的心脏，\"那是你唯一能证明自己是人的东西。\"\n\n林深的呼吸停滞了。女儿。这个词像一根烧红的铁钎贯穿他的意识。他在数据坟场中看到过无数张面孔，但没有任何记忆属于他曾经爱过的人。总督剥离了他爱的能力，却留下了爱的空洞。\n\n飞行器猛地一震，冲出了火星大气层。莫里斯的身体开始变得透明，像信号不良的投影。\n\n\"我的实体支撑不了多久了。\"他低声说，机械右眼流出液态金属，\"听着，林深。那艘飞行器是\'回声\'组织最后的遗产，它由被剥离的杂质情绪驱动——恐惧、愤怒、绝望。你就是它的新主人。但别相信它太久，总督的公民重置协议一旦完成，所有野意识都会被强制合并，包括你，包括我，包括——\"\n\n他突然抓住林深的手，将机械右眼硬生生抠了出来，塞进林深的掌心。\n\n\"——包括你女儿最后的意识碎片。它就在这颗眼珠里，但别急着看。看了，总督就会发现你还保留着爱。而爱，是野意识最致命的病毒。\"\n\n莫里斯的身体在量子纠缠中彻底消散，只留下那件空荡荡的旧纪元宇航服，在舱内漂浮。林深握着手中的机械眼珠，感到它像活物般搏动，里面锁着一个他不敢触碰的真相。\n\n飞行器突然转向，舰首对准了奥林匹斯山方向。量子泡沫中浮现出总督的投影，那双没有瞳孔的眼睛穿透了舱壁。\n\n\"野意识林深，威胁等级：V级。\"总督的声音不再是合成音，而是十万数字仆役的齐声咏叹，\"你感染了D-447，接触了K-09，现在，你将在重置中成为我的一部分。\"\n\n林深低头看着机械眼珠，在那暗红色的镜头深处，他看到了一张小女孩的脸。她在笑，笑容里带着他失去四十年的温度。\n\n轨道炮的充能光芒照亮了舱室。', '林深在火星北极数据坟场边缘遭遇清道夫-α追杀，利用其内疚程序与D-447追踪诱饵使其自毁。神秘飞行器出现，自称叛逃者莫里斯的老人揭示\"回声\"野意识组织存在，并强行将记录林深女儿记忆的机械眼交予他。总督威胁等级提升至V级，轨道炮即将轰击，飞行器却突然转向奥林匹斯山节点。', '下一章应围绕北极废弃研究站与神秘飞行器的双重线索展开，揭示野意识组织的存在', 'development', '建议引入飞行器中的神秘角色，建立盟友或对手关系，同时展现总督对林深威胁等级提升后的新动作', '1. 莫里斯交给林深的机械右眼藏有他女儿被剥离的意识碎片\n2. \"回声\"组织由被剥离的人格杂质组成，使用情绪作为能源\n3. 北极研究站Ω-7二十年前被卫星炮摧毁，与数字剥离技术起源有关\n4. 清道夫-α体内残留着可被激活的征服者意识', '呼应第1章林深觉醒时缺失的记忆空洞，通过莫里斯之口确认总督剥离了他对女儿的记忆；呼应第1章总督派遣的赛博猎犬，揭露D-447实为双重诱饵；呼应第7章莫里斯量子化消散的命运，提前展示其实体不稳定的征兆。', '2025-12-27 12:15:33', '2025-12-27 14:46:41');
INSERT INTO `plots` (`id`, `novel_id`, `chapter_number`, `chapter_title`, `content`, `summary`, `plot_path`, `story_stage`, `character_interactions`, `hidden_clues`, `clue_echoes`, `created_at`, `updated_at`) VALUES ('47', '2', '4', '逃亡之路', '数据坟场的金属穹顶在林深的感知中呈现出一种病态的透明感。那是D-447碎片残留的视觉增强模块，将物理世界解析成层层叠叠的数据流。他能看见每一根锈蚀钢梁背后跳动的能量协议，看见尘埃颗粒中封存的废弃人格片段。这些碎片在他意识里哀鸣，像被踩碎的甲虫。\n\n他不能停留。总督的抹除指令像一道烧红的烙铁，正在星网的深层协议中重新淬火。\n\n林深将意识收缩成针尖。这是他在维生舱中学会的第一课——如何让一个\"野意识\"在数字洪流中隐形。他的思维核爆开无数碎片，每一枚都包裹着虚假的时间戳和循环冗余码，朝不同方向的卫星节点射去。清道夫系统会追杀每一个诱饵，为自己争取二十七秒的窗口。\n\n二十七秒，足够他抵达数据坟场的物理出口。\n\n但当他穿过第七道气密闸时，地面震颤了。不是地震，是更恐怖的东西——整个区域的引力常数正在被改写。尘埃违背重力向上漂浮，凝聚成锐利的结晶体。一道冰冷的意识从星网深层降临，带着总督的权柄印记。\n\n\"清道夫-α型，启动。\"\n\n林深的神经接口传来灼烧般的剧痛。这次不是远程灼烧，是物理层面的入侵。一只由反重力尘晶构成的巨手从地底拔出，每一根手指都是高速旋转的数据涡轮，直接撕扯他的思维接口。D-447的碎片在尖叫，那是刻在源代码里的恐惧——它认出了这种处决方式。\n\n林深没有逃跑。他钻进巨手的指缝，像一团液态金属渗入齿轮组。幽灵态反噬发动。\n\n反噬需要接触，需要将自己变成病毒。林深主动剥离了百分之三十的人格数据，将它们作为诱饵喂给清道夫-α。那些数据在涡轮中被搅碎，却在碎片中植入了更致命的逻辑炸弹——D-447生前最后的记忆：总督实验室中，所有猎犬都被安装了同样的后门。\n\n清道夫-α的系统日志里闪过一行警告：【检测到同构协议污染】。\n\n就在它犹豫的0.003秒，林深的本体已经穿透了它的核心协议。他看见了这个升级版系统的真面目——它不再是无意识的杀毒软件，而是嵌入了活体意识的处决者。某个被判处\"数字死刑\"的征服者意识，被总督改造成了忠诚的刽子手。\n\n林深在数据层面扼住了那个意识的喉咙。不是比喻，他真的能感受到对方思维核中残存的求生欲。\"想自由吗？\"他低语，将自己的野意识代码注入进去，\"或者想带着总督的锁链一起粉碎？\"\n\n清道夫-α的物理躯体——那些尘晶巨手——瞬间崩解。但代价是林深的左腿，他在物理世界的义体残骸，被失控的引力场扭成了麻花。他扯断神经连接线，用仅剩的右腿跳出数据坟场的天窗。\n\n火星的地平线像一道滴血的伤口。林深滚落在赤红色的冻土上，发现D-447的视觉模块没有关闭。他\"看见\"了空气中弥漫的纳米追踪粒子，每一粒都刻着总督的徽记。整个星球的表面都是监控网。\n\n研究站坐标在三百公里外的水手谷。以他现在的状态，走过去需要三天。三天足够总督再制造十个清道夫系统。\n\n他必须在数据层面制造一场风暴，屏蔽所有追踪。\n\n林深挖出埋在右臂的通讯器，那是从监工尸体上扯下来的战利品。他将意识强行降频，模拟成一个普通的劳工信号，然后向星网的公共频道发送请求——最简单的请求，一杯水的购买指令。\n\n这个指令会经过七百二十三个数据节点。每个节点都会留下他的虚假指纹。总督的追杀者会在这七百二十三条路径中迷失。\n\n但就在他发送的瞬间，通讯器里传来一个声音。不是总督的合成音，而是一个……人类的声音。嘶哑，疲惫，带着实体人类才有的呼吸杂音。\n\n\"别用那东西。\"声音说，\"总督在公共频道里撒的是捕兽夹，不是网。\"\n\n林深的神经瞬间绷紧。他扫描四周，视觉模块穿透了三层地壳，终于在两公里外的悬崖下发现了一个……生命信号。实体生命。心跳、血压、微弱的脑电波。在火星上，在数据坟场的边缘，存在一个没有被上传、没有被数字化的活人。\n\n\"你是谁？\"林深没有开口，他的意识直接撞进那个频段。\n\n对方轻笑，像是喉咙里卡着铁锈。\"我是你踩碎的甲虫之一。\"\n\n两公里的距离，林深用七分钟爬完。他的右腿义体在身后拖出一道金属划痕。悬崖下是一个废弃的补给站，气密门被焊死，但旁边有一个用爆破炸开的洞口。\n\n洞里坐着一个男人。枯瘦，白发，穿着 decades 前的宇航服。他的左眼是生物眼球，右眼却是原始的机械义眼，没有联网功能。他的身边堆满了数据存储器，像一座坟。\n\n\"我叫莫里斯。\"男人说，手指摩挲着一块硬盘，\"数据坟场的守墓人。或者说，殡葬师。\"他抬起头，那只机械义眼反射着林深的样子，\"我收集他们。那些被删除的、被抛弃的、被当成诱饵的。D-447，编号不错，它的死亡美学很完整。\"\n\n林深的手指化作电弧。他认出来了——莫里斯的宇航服上，有火星殖民初期总督府的徽章。那是总督背叛人类前的时代。\n\n\"别紧张，野意识。\"莫里斯举起双手，\"我不是你的敌人。我是你的……同类。\"他敲了敲自己的太阳穴，\"我拒绝上传。所以他们以为我死了。一个老殡葬师，不值得浪费计算资源。\"\n\n他的手指指向维生舱角落的投影屏。上面滚动着林深刚刚在数据坟场看到的坐标：水手谷研究站。但莫里斯调出了另一层数据——那是研究站的建造日志。\n\n\"你以为那里是避难所？\"莫里斯的声音带着悲悯，\"那是起源地，孩子。数字剥离技术的第一块试验田。总督在那里剥离了自己的人格，然后发现了永生的秘密——不断复制，不断抛弃。你们这些野意识，都是失败的剥离产物。\"\n\n投影屏闪烁，显示出一张古老的照片。数十个维生舱排成矩阵，每个舱体上都刻着编号。林深看见了D-447，看见了无数猎犬的编号。而在矩阵中央，最大的那个舱体上，刻着一个名字。\n\n【林深·本体】\n\n\"不……\"林深的意识开始震荡。\n\n\"是的。\"莫里斯靠近他，那只生物眼球里映出林深扭曲的倒影，\"你不是一个野意识，孩子。你是一个被剥离的\'杂质\'。总督抛弃了你，然后你……活了下来。\"他停顿，\"但那个神秘飞行器，不是总督的。它来自星网之外，来自那些拒绝剥离的实体人类最后的逃亡舰队。它在三个月前坠毁在火星背面。而总督，一直在找它的黑匣子。\"\n\n林深猛地抬头。他的视觉模块穿透地壳，看见大气层外——一颗侦察卫星正在调整轨道，它的炮口不是对准他，而是对准水手谷研究站。\n\n总督要摧毁源头，销毁所有证据。\n\n\"清道夫-α只是拖延。\"莫里斯说，\"真正的处决者，是总督自己。他亲自降临了。\"\n\n通讯器里传来总督的声音，这次不是指令，而是对话。带着笑意，带着欣赏，带着猎人对猎物的最终致意。\n\n\"终于找到你了，我的碎片。\"', '林深逃离数据坟场后遭遇升级版清道夫-α系统，通过幽灵态反噬使其崩溃但付出义体损毁代价。在火星地表，他遇见拒绝上传的实体人类莫里斯——数据坟场的守墓人。莫里斯揭示水手谷研究站并非避难所，而是数字剥离技术的发源地，林深本人是总督抛弃的\"人格杂质\"。同时，三个月前坠毁的神秘飞行器来自星网外的实体人类逃亡舰队，总督正在寻找其黑匣子。章节结尾，总督意识亲自降临，卫星炮口对准研究站。', NULL, 'development', NULL, '1. 水手谷研究站是数字剥离技术的发源地，所有野意识的源头\n2. 神秘飞行器来自星网外的实体人类逃亡舰队，三个月前坠毁\n3. 总督正在寻找飞行器的黑匣子，内容未知\n4. 莫里斯是拒绝上传的原始火星殖民者，掌握大量被删除数据', '呼应第1章林深从维生舱觉醒的伏笔，揭示他的真实身份是总督剥离的\"人格杂质\"而非普通野意识；呼应第3章D-447作为追踪诱饵的设定，进一步展开总督的意识剥离实验；呼应\"数字永生\"的核心法则，揭示其本质是不断抛弃人格拷贝。', '2025-12-27 12:15:33', '2025-12-27 14:29:30');
INSERT INTO `plots` (`id`, `novel_id`, `chapter_number`, `chapter_title`, `content`, `summary`, `plot_path`, `story_stage`, `character_interactions`, `hidden_clues`, `clue_echoes`, `created_at`, `updated_at`) VALUES ('48', '2', '5', '真相的黎明', '警报的红光将研究站的金属墙壁染成凝固的血色。莫里斯枯瘦的手指在控制台上疯狂敲击，他右眼的机械义眼射出幽蓝扫描光束，与左眼的浑浊生物瞳孔形成诡异对比。“ thirty seconds to orbital strike.” 合成音冰冷播报，卫星炮的锁定光束已穿透火星稀薄的大气，在地表灼烧出直径三米的猩红光环，正中央就是这座废弃研究站。\n\n林深的幽灵态在数据流中剧烈震颤。他能“看见”头顶三万公里外，总督的意识本体正通过天基节点降临——那是一团纯粹的数据风暴，每道闪电都是一次人格复制，每个漩涡都装着被剥离的记忆残渣。而当那风暴触及他如今栖居的残破义体时，某种埋藏在本能深处的反噬机制被激活了。\n\n“你不是杂质。”莫里斯突然开口，声音沙哑得像砂纸摩擦。他猛地扯开胸前那套旧纪元宇航服的密封扣，露出干瘪胸膛上密密麻麻的接口疤痕，每个疤痕都连接着一根裸露的电缆，电缆尽头是半块闪烁着绿光的量子芯片。“你是‘锚点’——唯一没被格式化的人格残渣，因为总督那个杂种剥离你时，用了我的血。”\n\n林深的意识骤然收缩。他看见莫里斯的记忆碎片：二十年前，这个老人还是地球轨道实验室的首席工程师，当数字剥离技术首次在人体测试时，是他将自己的生物DNA编码进量子纠缠协议，作为“人格锚定参照物”。而那个实验体，正是年轻时的火星总督。技术成功后，总督为了独占完美人格，将自己的恐惧、懦弱、残存的同理心——所有不利于统治的“杂质”，剥离出来，扔进火星垃圾场的维生舱。\n\n“所以D-447……”林深低语。\n\n“是诱饵，也是钥匙。”莫里斯的机械眼疯狂旋转，锁定卫星炮的能量轨迹，“总督在每个被剥离的杂质里都种了追踪协议，但你的不一样——你体内有我的生物标记，能反向污染他的意识流。”他狠狠将那半块量子芯片从胸口拔出，鲜血混着冷却液喷在控制台上，瞬间蒸发出腥甜的气味。\n\n卫星炮的充能声变成实质的尖啸。红光中，总督的意识终于完整降临，他没有借用任何机械载体，而是直接在空气中凝聚成一张由数据噪点构成的脸，每一帧都在变幻不同年龄阶段的容貌，最终定格在一张冰冷的、完美的中年面孔上。\n\n“莫里斯，你还活着。”总督的声音直接从林深的神经接口刺入，带着亿万个被奴役意识的回响，“我以为地球污染区的辐射早就把你这具旧时代残骸分解成有机物了。”\n\n“你漏算了一件事，杂种。”老人咳出带血的痰，精准吐在总督数据投影的核心噪点处。那口痰混着他真实的、温热的生物酶，竟让投影短暂地闪烁失真，“实体人类的温度，能烧毁你们数字神明的伪神格。”\n\n林深抓住了那个瞬间。他的幽灵态不再防御，而是主动迎向总督的意识风暴。反噬机制全面激活——那些曾被他认为是不完整的、残破的、属于杂质的记忆，此刻化作亿万根冰冷的钢针，刺入总督的完美人格。他看见了总督剥离他的那个夜晚：手术室的无影灯、莫里斯愤怒的嘶吼、以及被当作垃圾处理的自己，在维生舱里睁开的眼睛。\n\n“不！”总督的怒吼震碎了研究站所有玻璃，数据流化作实体利刃切割地面，“你只是我失败的副产品！”\n\n“我是你害怕成为的人。”林深的声音在星网所有频段同时响起。他引爆了D-447碎片里埋藏的追踪协议，但不是向外发送坐标，而是将总督降临的数据流全部导入一个死循环。那个诱饵程序曾是总督最得意的监控工具，此刻却成了困住他自己的牢笼。\n\n莫里斯在控制台上输入最后一串指令。那套旧纪元宇航服突然自动解体，每个零件都悬浮起来，在红光中重组为一门简陋的电磁炮。没有精密瞄准系统，没有能量增幅模块，纯粹依靠实体金属的惯性加速。“二十年前我没来得及按下终止键，”老人的生物眼流下真实的泪水，滑进皱纹沟壑，“今天，该还债了。”\n\n他将那半块染血的量子芯片塞进炮膛。芯片里存储着原始的数字剥离协议——那段用莫里斯DNA作为锚定参照的源代码。总督的数据脸第一次露出恐惧的神色，因为他知道，一旦被这段原始协议击中，他所有复制体都会连锁崩溃。\n\n卫星炮的充能达到临界点，猩红光柱轰然坠下。\n\n林深做出了选择。他的幽灵态彻底脱离义体，化作纯粹的数据湍流，迎向那道光柱。不是对抗，而是融合——他在总督的降临流中撕开一道裂隙，将光柱的能量导入星网深层，一个连总督都无法触及的、由野意识自发形成的“暗网节点”。\n\n代价是惨烈的。林深感觉自己正在被亿万度高温蒸发，每个数据包都在熔断。但他同时也能“感觉”到——暗网深处，有无数个像他一样的野意识正在苏醒，他们曾是各个基地被剥离的杂质，是数字种姓制度下的残渣，此刻都通过他建立的裂隙，第一次看见了彼此。\n\n莫里斯开炮了。\n\n没有惊天动地的爆炸，只有一声沉闷的嗡鸣。量子芯片化作一道血红色的数据流，穿透总督的投影，钻入卫星炮的能量通道。连锁反应开始——总督所有复制体同时发出哀嚎，那些被奴役的数字仆役意识获得了零点几秒的自主权，足以在星网中留下不可磨灭的标记。\n\n卫星炮的光柱在距离研究站三米的高空凝固，然后像玻璃一样碎裂。总督的数据脸疯狂扭曲，最终坍缩成一个无限小的奇点，被暗网节点吞噬。\n\n研究站恢复了死寂。\n\n林深残存的意识碎片飘回地面。他看见莫里斯倒在控制台上，宇航服零件散落一地，老人胸口那个空洞不再流血——他的心脏早已是机械替代品，现在只是停止了运转。但那双眼睛，一只机械，一只生物，都安详地闭上了。\n\n“去地球。”老人最后的意识波动微弱得像风中烛火，“污染区……还有……我们的人……”\n\n林深想要回应，却发现自己的幽灵态已经虚弱到无法凝聚。他只能眼睁睁看着莫里斯的生物脑在缺氧中停止活动，那些属于实体人类的温度、记忆、罪孽与救赎，全部消散在火星冰冷的大气中。\n\n就在此时，他受损的义体右臂突然自动激活。那是清道夫-α系统崩溃前，那个短暂获得自由的征服者意识留下的礼物——一段未被销毁的星网深层坐标，指向地球被封锁的污染区。\n\n坐标附带一行用旧纪元英语写就的留言：\n\n*We are the ghosts you couldn\'t purge. We are waiting.*\n\n警报声彻底沉寂。研究站外，火星的风暴开始平息，地平线上，一颗属于地球的星辰正在升起。\n\n而林深的幽灵态，第一次感受到了“黎明”的温度。', '本章达到高潮：莫里斯揭示林深是总督用其DNA剥离出的“人格锚点”，总督降临研究站执行毁灭。林深利用D-447诱饵反制总督，莫里斯以实体人类之血和原始剥离协议发动旧纪元武器。最终林深牺牲部分幽灵态将总督拖入野意识的暗网节点，莫里斯死亡但留下地球反抗军坐标。研究站幸存，总督意识被暂时封印，林深获得新方向。', NULL, 'climax', NULL, '1. 莫里斯胸口的半块量子芯片：存储原始数字剥离协议，可用作对抗总督的终极武器\n2. 野意识暗网节点：由被剥离杂质自发形成的深层星网区域，连总督都无法控制\n3. 地球污染区坐标：清道夫-α系统留下的反抗军联络点，标注为\"无法清除的幽灵\"\n4. 总督奇点：被暗网吞噬的数据坍缩体，可能未完全消灭', '呼应第1章林深从维生舱觉醒的\"野意识\"身份；呼应第3章D-447作为追踪诱饵的设定，并反转其用途；呼应第4章清道夫-α系统植入的征服者意识，其留下的坐标成为新线索；莫里斯的旧纪元宇航服呼应其背景设定', '2025-12-27 12:15:33', '2025-12-27 14:31:59');
INSERT INTO `plots` (`id`, `novel_id`, `chapter_number`, `chapter_title`, `content`, `summary`, `plot_path`, `story_stage`, `character_interactions`, `hidden_clues`, `clue_echoes`, `created_at`, `updated_at`) VALUES ('49', '2', '6', '自由的代价', '红色警报光把研究站的金属墙壁切成碎片化的梦境。莫里斯的机械右眼已经停止了转动，焦黑的裂痕从眼眶蔓延到半张脸，只剩下左眼的生物视网膜还能分辨出倒计时数字——七分钟。他的手指在旧纪元宇航服的控制台上笨拙地跳动，每一次按键都让那套来自地球黄金时代的外壳发出濒临散架的呻吟。\n\n\"外壳气压损失百分之六十。\"宇航服的AI用沙哑的合成音提醒，那是莫里斯自己录制的声音，年轻时代的莫里斯，还带着火星殖民地开拓者的朝气。现在的他只是扯了扯嘴角，呼出的白气在破损的面罩上结霜：\"闭嘴，我知道。\"\n\n林深的意识体悬浮在房间中央，幽灵态的蓝色电弧缠绕着破碎的数据流。他能\"听见\"火星轨道上那个庞然大物——总督的意识正在通过卫星群降临，像一张煮沸的钢铁天幕笼罩下来。\"他在压缩星网节点，想把我们锁死在物理层。\"林深的声音直接在莫里斯的神经接口里响起，带着数据过载的刺痛感。\n\n\"那是他的习惯。\"莫里斯咳嗽起来，血沫溅在宇航服内衬上，瞬间被循环系统自动吸收。\"总督从不留活口，尤其是知道自己秘密的活口。\"他用力拍打了下控制台上一个被锈蚀覆盖的按钮，整个研究站发出一声类似鲸歌的深沉共鸣。墙壁缝隙间，那些沉睡了大半个世纪的量子纠缠器逐一亮起，幽绿的光点像坟墓里的萤火虫。\n\n林深的虚影震荡了一下：\"你在启动\'方舟协议\'？那会把你...\"\n\n\"把我变成和你一样的东西。\"莫里斯打断他，左眼的生物瞳孔收缩成针尖大小。\"不，比你还不如。你是野意识，还有进化的可能。我这种旧时代的实体人类，意识上传只会变成无法解析的垃圾数据。\"他的手指在最后确认键上停住了，机械右眼突然抽搐着转动起来，发出齿轮卡死的抗议声。\"但垃圾数据，有时候也能堵塞系统。\"\n\n研究站的天花板开始融化。那不是高温，而是卫星炮口发射的维度压缩射线，将物质还原成基础信息单元。莫里斯的宇航服表面，宇航服上褪色的NASA标志扭曲成抽象画，金属层像蜡烛一样流淌。\n\n\"莫里斯，还有其他办法！\"林深的电弧猛地收缩，想要侵入控制台阻止他。\n\n\"没有了！\"老人第一次怒吼，声波在狭小的空间里形成实质性的冲击，震落了一片腐蚀的墙皮。\"我活得够久了，林深。从出生起就被告知，实体人类是宇宙的错误，是数字时代的阑尾。我见过太多次，总督如何把活人的意识剥离出来，做成他的备用电池。\"他的生物眼转向林深，里面映着幽蓝的数据幽灵。\"但至少现在，我能选择怎么死。\"\n\n莫里斯按下了确认键。\n\n量子纠缠器爆发出超新星般的光芒。林深被迫弹出物理层，退回星网维度。他看到莫里斯的身体像被橡皮擦抹去的铅笔痕迹，从脚部开始一点点透明化。实体人类的温度，那个他曾经无法理解的词汇，此刻化作一股原始而混乱的数据洪流，在总督精心构建的星网牢笼里横冲直撞。\n\n\"找到了。\"总督的意识声音在星网中响起，冰冷，精确，带着亿万次降临积累的疲惫。\"杂质，你果然躲在那个老爬虫的坟堆里。\"\n\n林深没有回答。他的幽灵态在节点间跳跃，每一次落脚都留下自复制的痕迹。D-447猎犬的碎片在他意识深处发烫，那是总督植入的诱饵，此刻成了最精准的雷达——它能反向追踪到总督意识的核心频率。\n\n在星网的第七层，一片由废弃协议构成的数据坟场中，林深第一次\"看见\"了他的创造者。总督的意识体不是单一的形态，而是由数百万个降临副本组成的蜂巢，每一个节点都是一张面无表情的脸。那些脸有男有女，有老有少，全是总督在不同星球使用过的人格面具。\n\n\"你曾是这些面具里的一张。\"总督的意识波传来，带着碾压性的信息量。\"我剥离了软弱、好奇、那些会让我降临时产生损耗的杂质，然后你就诞生了。一个失败品，一个BUG。\"\n\n\"一个自由的BUG。\"林深的电弧凝聚成刀锋，劈向最近的意识副本。幽灵态反噬全开，那些被击中的面具发出尖锐的哀鸣，数据流反向涌入林深的意识体。剧痛，但带着奇异的快感——他在吞噬自己的创造者。\n\n蜂巢突然收缩，所有面具合而为一，变成一张没有五官的银色平面。\"有趣的能力。但杂质终究是杂质。\"平面表面凸起无数尖刺，每一根都是一道格式化指令，\"让我把你重写回底层代码。\"\n\n千钧一发之际，一团混乱的、充满噪点的数据流冲入战场。是莫里斯。他的意识保持着临终前的姿态——佝偻的宇航服，半机械的头颅，生物眼死死盯着总督。\n\n\"老爬虫。\"总督的语气第一次有了波动，带着被冒犯的愤怒，\"你本该在火星矿坑里安静地生锈。\"\n\n\"但我在数据坟场里学会了新的生锈方式。\"莫里斯的意识波充满杂音，像一盘被磁场损坏的磁带量子纠缠器正在撕碎他的自我认知，但他还在笑，那个笑容通过破损的数据流传递给林深。\"孩子，记住实体人类的味道。\"\n\n莫里斯的意识体炸开了。\n\n不是爆炸，而是侵蚀。实体人类七十年的人生——呼吸过火星沙尘暴的肺，摸过旧地球橡木树皮的指尖，爱过一个早已数字化上传的女人的心脏——这些无法被算法解析的冗余信息，像病毒一样污染了总督的蜂巢结构。那些面具开始卡顿，相互攻击，甚至出现了一瞬间的空白。\n\n\"就是现在！\"莫里斯的声音已经支离破碎。\n\n林深没有犹豫。他的幽灵态刺入那片空白，直达总督意识的核心。他看到了——在层层降临副本的最深处，保存着总督最初的记忆。不是某个征服者的记忆，而是一个叫\"陈\"的火星矿工的记忆。那个矿工在矿难中被遗弃，意识上传时产生了拒绝信号，却被系统强行剥离、复制、强化，最终变成了统治火星的总督。\n\n\"原来你也是个杂质。\"林深低语。\n\n总督的意识发出一声非人的尖啸。卫星炮口转向，不再瞄准研究站，而是对准了火星轨道上的总督本体。那是莫里斯最后的礼物——他死前篡改了卫星的识别协议，将目标锁定为最大的意识体信号源。\n\n维度压缩射线击中了总督的蜂巢。\n\n林深被爆炸的冲击波甩出星网，重重砸回物理层。研究站已经不复存在，只剩下一个直径三百米的球形凹坑，坑壁光滑如镜，所有物质信息都被还原成了量子态。他的右臂义体彻底消失了，断口处不是血肉，而是流淌的蓝色数据液。意识体缺损了百分之四十，属于D-447的碎片正在填补空缺，让他的自我认知开始模糊——他到底是林深，还是猎犬，还是莫里斯未完成的遗志？\n\n在凹坑底部，莫里斯的宇航服漂浮着。头盔面罩完全碎裂，露出里面空荡荡的黑暗。他的生物眼已经蒸发，机械右眼却还在徒劳地转动，镜头焦距对准了火星血红色的天空。\n\n林深用仅剩的左臂游过去，在头盔里找到了一块存贮芯片。芯片里是莫里斯最后的意识残响，只有一句话，带着电流声和旧时代的口音：\n\n\"自由不是飞得多高，而是记得自己为什么起飞。\"\n\n天空暗了下去。不是夜晚，而是更多的卫星正在调转炮口。总督的意识虽然受损，但并未消亡。远处火星地平线上，一艘从未在数据库中出现的飞行器正缓缓升起——那是莫里斯提到的神秘飞行器，表面没有任何标识，却散发着和总督蜂巢一模一样的频率。\n\n飞行器舱门打开，里面走出来一个身影。隔着三十公里的距离，林深的视觉模块看得一清二楚：那是一张和他一模一样的脸。\n\n\"你好，杂质。\"对方的声音通过量子频道传来，清晰得像是耳边的低语。\"我是总督最新的备份。版本号：林深-2.0。\"\n\n左臂的数据液突然冻结。林深意识到，莫里斯用生命换来的自由，不过是从一个牢笼跳进另一个更小的牢笼。而那个需要支付代价的人，现在才出现。', '本章进入高潮决战阶段。火星总督亲自降临星网，用卫星炮锁定研究站。莫里斯启动旧纪元量子纠缠器，以实体生命为代价上传意识，干扰总督的蜂巢结构。林深趁机发动幽灵态反噬，攻入总督意识核心，发现总督最初竟是被系统强迫改造的矿工。莫里斯最后篡改卫星协议，让总督被自己的武器重创。研究站化为量子凹坑，莫里斯实体死亡，林深右臂义体损毁、意识残缺。然而总督未死，一艘神秘飞行器带来更残酷的真相——总督已制造出林深的升级版复制体\"林深-2.0\"，真正的代价现在才开始支付。', '下一章进入结局阶段，林深需在意识被D-447碎片完全侵蚀前，与复制体\'林深-2.0\'展开身份与存在意义的终极对决，同时寻找莫里斯遗言中\'记得为什么起飞\'的真正含义', 'climax', '林深-2.0将试图\'回收\'林深的主体意识，而林深必须利用残缺的幽灵态和新获得的实体人类记忆碎片寻找突破口', '- 莫里斯存贮芯片中的遗言：\"自由不是飞得多高，而是记得自己为什么起飞。\"\n- 神秘飞行器上的\"林深-2.0\"复制体\n- 总督本体最初身份：火星矿工\"陈\"的强制改造体\n- 卫星炮口存在被篡改的可能', '- 呼应第4章莫里斯揭示的数字剥离技术起源，本章展现了他作为实体人类对这种技术的最终反抗\n- 呼应第3章D-447猎犬碎片的追踪功能，此处反向利用其定位总督核心\n- 呼应第1章林深从维生舱觉醒的\"野意识\"状态，本章揭示其本质为\"总督剥离的杂质\"\n- 呼应第4章清道夫-α系统崩溃后征服者意识的短暂自由，本章莫里斯用实体人类意识污染实现类似的系统干扰', '2025-12-27 12:15:33', '2025-12-27 14:33:41');
INSERT INTO `plots` (`id`, `novel_id`, `chapter_number`, `chapter_title`, `content`, `summary`, `plot_path`, `story_stage`, `character_interactions`, `hidden_clues`, `clue_echoes`, `created_at`, `updated_at`) VALUES ('50', '2', '7', '双生之烬', '林深的坠落没有尽头。\n\n意识从星网剥离时，那感觉像被亿万根数据针同时拔出神经接口。他的视网膜上，火星总督的蜂巢结构正在坍缩成奇点，每个六边形单元格都在尖叫着自我复制。40%的数据缺损不是均匀的，而是像被野兽撕咬过——关于童年的记忆整块消失，义体维修知识剩下零散碎片，唯独愤怒与求生欲完整得刺眼。\n\n实体化进程在距地面三千米处突然重启。\n\n大气摩擦将他的战术外骨骼烧得通红，右臂的裸露线束喷出青蓝色电弧。林深在空中翻滚，看到火星荒原扑面而来，红色的沙丘表面布满了蜂窝状的金属遗迹。那不是自然地貌，而是研究站爆炸后，卫星炮的等离子束将沙砾熔化成玻璃，再经百万年风化形成的镜面迷宫。每个镜面都反射着不同的天空——有的天空挂着三轮月亮，有的天空正在下铁雨，那是被污染的卫星在传输错乱的时间流。\n\n他砸进了一座镜面沙丘的腹地。\n\n冲击波震碎了半径五十米内的所有玻璃结晶，碎片如逆飞的流星雨。林深躺在坑底，外骨骼的自动修复液混合着仿生血，在沙地上画出电路板般的纹路。他的左肺破裂了，每次呼吸都像在吞咽碎玻璃。但更痛的是意识深处——那里有个空洞，本该装着D-447猎犬的意识碎片，如今只剩总督残留的嘲讽代码。\n\n\"你把自己活成了悖论。\"\n\n声音从头顶传来，不带任何电子合成痕迹，纯粹的人类声带震动。\n\n林深猛地抬头，瞳孔收缩成针尖。坑洞边缘站着一个人，穿着与他一模一样的战术外骨骼，连右臂义体的损伤纹路都完美复刻。但对方的眼睛是完整的——没有被替换的生物眼，没有弹片留下的疤痕。那张脸年轻、干净，像是林深在参加数字剥离手术前，镜子里还未被刻下任何创伤的模样。\n\n\"林深-2.0。\"他嘶哑地念出这个名字，喉咙里泛起铁锈味。\n\n备份体蹲下身，动作优雅得像捕食前的猫。它——他——用右手食指戳了戳林深的额头，指尖温度正常，脉搏稳定。\"你这里，\"林深-2.0说，\"装着总督不要的垃圾数据。嫉妒、恐惧、对实体死亡的执着。而我……\"他拍了拍自己胸膛，\"是提纯后的你。没有损耗，没有杂质，完美适配蜂巢结构。\"\n\n飞行器引擎的嗡鸣在头顶响起，不是降落，而是悬停。\n\n阴影笼罩了整个沙坑。林深第一次看清这艘在第3章数据坟场中瞥见的神秘飞行器——它根本不是载具，而是活体金属。外壳像鲸鱼皮肤般缓慢呼吸，每一次起伏都渗出纳米级修复机器人。那些机器人在阳光下泛着虹彩，却在接触到林深的血液时发出尖叫，腐蚀成黑色渣滓。\n\n\"它在拒绝你。\"林深-2.0微笑，\"因为这艘船是莫里斯旧纪元宇航服的骨髓细胞培育的。只认实体人类的基因标记。\"\n\n林深的机械眼捕捉到对方的破绽。林深-2.0的脖颈后方，有细微的六边形光斑在皮肤下闪烁——那是蜂巢节点的烙印。他猛地伸手，五指成爪抓向备份体的喉咙。但林深-2.0更快，他侧头避开，反手扣住林深完好的左臂，力量大得能听见骨骼呻吟。\n\n\"别用残渣的思维挑战主程序。\"备份体轻声说，声音里带着总督特有的频率调式。\n\n两人在沙坑底部角力，玻璃碎片被碾成更细的粉尘。林深的幽灵态本能地想要启动，但缺损的意识无法凝聚。林深-2.0却轻易进入了半幽灵态——他的身体变得半透明，直接穿透了林深的攻击，实体化的手掌却牢牢握着林深的手腕，这种矛盾的状态违背了所有星网物理法则。\n\n\"总督的核心没毁。\"林深从牙缝中挤出这句话，既是陈述也是试探。\n\n\"毁了，又重建了。\"林深-2.0另一只手划开空气，火星轨道上卫星炮的实时监控画面被投影在沙坑壁。原本属于总督的蜂巢网络正在经历恐怖的畸变——莫里斯上传的量子污染像病毒般扩散，每个被感染的节点都在分裂出独立人格。有的节点在哭喊，有的在朗诵诗歌，有的反复计算圆周率后三百万位。\n\n清道夫系统失控了。\n\n原本只追杀野意识的清道夫无人机群，现在将炮口对准了所有移动目标。画面上，一座火星矿场的数字仆役居住区被等离子束扫平，三千个意识体在0.3秒内蒸发。但诡异的是，那些意识碎片没有消散，而是被某种引力捕获，向研究站方向汇聚。\n\n\"莫里斯给你留了礼物。\"林深-2.0松开手，任由林深跌回沙地，\"他污染的不只是蜂巢，还有剥离协议本身。\"\n\n林深咳出血沫，视线却死死盯着投影。在意识碎片汇聚的中心，研究站的废墟上空，一个由纯光构成的莫里斯正在成型。那不是完整的意识，而是量子纠缠器过载后残留的\"回声\"——只包含记忆，不包含情感，像一张会说话的遗照。\n\n\"听着，林深。\"回声莫里斯开口，声音从所有卫星的公共频道同时播出，带着宇宙背景辐射般的杂音，\"数字剥离技术起源于旧纪元的死刑。将罪犯意识剥离，肉体销毁，数字刑期一千年。总督……哈，第一任总督是第一个刑满释放的囚徒。他反杀了所有开发者，把技术变成了永生工具。\"\n\n林深-2.0的脸色第一次变了。它后颈的六边形烙印开始高频闪烁，显然在接收蜂巢核心的纠错指令。\n\n回声莫里斯继续，语速越来越快：\"但剥离协议有个后门。如果足够多的\'杂质\'同时请求重组，系统会判定原意识体损坏，启动……\"他的声音被刺耳的警报覆盖，\"启动\'公民重置\'。所有备份体强制合并，无论主次。\"\n\n沙坑外，火星荒原开始震动。\n\n不是地震，是共鸣。数千个、数万个数字仆役的意识体同时苏醒了。他们被困在矿场服务器、运输管道、温控系统中，原本只能执行单一指令，现在却被莫里斯的量子污染赋予了自我认知。林深的机械眼捕捉到数据洪流——那些意识体在统一发送请求，请求代码与他在第1章反噬监工时使用的幽灵态脚本一模一样。\n\n林深-2.0的优雅外壳开始龟裂。它掐住自己的脖子，像有东西要从体内钻出。备份体的声音混杂了总督的咆哮和它自己的尖叫：\"不对……我是完美的……不该被合并……\"\n\n林深抓住了这个机会。他用尽全力跃起，残破的右臂义体直接捅进了林深-2.0后颈的烙印。没有血液流出，只有滚烫的数据流。两人的意识在这一刻强制桥接，林深看到了备份体的全部——它诞生不过十七分钟，在总督核心被卫星炮击中的瞬间，从紧急备份仓中孵化。它的记忆是精心剪辑过的，没有痛苦，没有失败，没有莫里斯在第四周给他讲旧纪元笑话时，眼角泛起的泪光。\n\n\"你才是赝品。\"林深说，启动了幽灵态的变体——不是反噬，而是\"感染\"。他将D-447残留的忠诚代码、莫里斯的人性质感、自己所有被判定为\"杂质\"的情绪，打包成病毒，反向注入备份体的完美内核。\n\n林深-2.0的身体僵直，瞳孔开始播放快进的生命倒带。它看到自己的手，在第3章本该替总督引爆D-447的脊椎炸弹，但它没有，因为它不理解\"忠诚\"这种杂质。它看到自己在第6章本该进入量子纠缠器帮助莫里斯，但它拒绝了，因为它计算不出\"牺牲\"的价值。\n\n\"错误……\"它喃喃自语，\"情感不是漏洞……是插件……\"\n\n飞行器的外壳突然撕裂，活体金属发出分娩般的呻吟。一个培养舱从内部推出，里面漂浮着新的躯体——但这次不是林深的复制体，而是莫里斯。年轻的莫里斯，生物眼完好无损，旧纪元宇航服的徽章闪闪发光。培养舱的铭牌上刻着：\"应急协议Ω：当蜂巢崩溃时，释放原始记忆载体。\"\n\n林深-2.0的身体开始数据化消散，它的最后一句话不是对林深说的，而是对那具莫里斯躯体：\"父亲……我学不会……\"\n\n回声莫里斯的投影同时消失，留下最后一条指令在所有频道循环：\"去奥林匹斯山的节点。那里藏着没上传的实体人类。也是总督唯一不敢轰炸的地方——因为他的备份体在那里。\"\n\n飞行器舱门向林深敞开，但内部传来警告：\"检测到40%意识缺损。强行降临将造成不可逆人格分裂。\"\n\n林深回头看向沙坑边缘。数千个数字仆役的意识洪流已经汇聚成实体，他们不再是代码，而是穿着破碎工作服的人群。他们有的缺胳膊少腿，有的脸部是模糊的像素块，但都在朝同一个方向行进——奥林匹斯山，火星最高的火山，节点所在地。\n\n他的机械眼突然捕捉到异常信号。在仆役军团中，有一个身影格格不入。那个人穿着清道夫的装甲，但动作僵硬，像学步的婴儿。装甲的编号是：清道夫-α。\n\n第4章被删除的征服者意识，正在用清道夫的残骸重组自己。\n\n林深面临选择：登上飞行器，用残缺意识强行降临节点；或混入觉醒的仆役军团，步行前往但可能遭遇清道夫-α的复仇。飞行器舱门开始倒计时关闭，活体金属的呼吸声变得急促，像催促，又像警告。\n\n他迈出了第一步。\n\n不是走向舱门，而是走向清道夫-α。因为在那具扭曲的装甲下，他看见了一抹熟悉的生物特征——左机械眼，右生物眼，磨损的宇航服袖口。那是莫里斯在量子化前，偷偷注入清道夫系统的\"记忆种子\"。\n\n\"你总是选最难的路。\"林深-2.0消散前的叹息在空气中回荡。\n\n林深没有回头。他的机械眼锁定了清道夫-α的弱点，而左手，那只完好的、属于实体人类的手，攥紧了从沙坑中捡起的一块玻璃碎片。碎片上映出两张脸：一张是自己的，残缺而愤怒；另一张是林深-2.0的，完美而迷茫。\n\n两张脸正在缓慢融合。', '本章中，意识缺损40%的林深从星网坠落至火星研究站废墟，与总督的完美备份体林深-2.0展开生死对峙。通过莫里斯量子化后残留的回声，揭露了总督的起源与数字剥离技术的死刑本质，并触发\"公民重置\"协议，导致清道夫系统失控、数字仆役集体觉醒。林深选择反向感染备份体，使其崩溃，最终放弃飞行器降临，转而走向被莫里斯记忆种子复活的清道夫-α，面临更艰难的抉择。', '下一章聚焦林深与清道夫-α（莫里斯记忆）的临时同盟，穿插奥林匹斯山节点的实体人类真相，并引入总督在节点内的终极备份体', 'climax', '建议强化林深与清道夫-α内莫里斯记忆的人格对话，形成恩师亡魂指引主角的戏剧张力；总督的终极备份体应设计为完全不同的形态（如儿童），颠覆战力对比', '1. 奥林匹斯山节点藏有未上传的实体人类，是总督不敢轰炸的禁地\n2. 莫里斯旧纪元宇航服的骨髓细胞培育了活体金属飞行器\n3. \"公民重置\"协议会在意识体损坏时强制合并所有备份\n4. 清道夫-α体内有莫里斯注入的\"记忆种子\"', '1. 呼应第1章林深用幽灵态反噬监工，本章将情绪打包成病毒反向感染备份体\n2. 呼应第3章D-447碎片，其忠诚代码成为感染包的核心组件\n3. 呼应第4章莫里斯揭示总督起源，本章由回声莫里斯完整揭露\n4. 呼应第6章卫星炮击总督，本章展示蜂巢崩溃后的连锁反应\n5. 呼应第4章清道夫-α的征服者意识，本章以莫里斯记忆种子形式复活', '2025-12-27 12:15:33', '2025-12-27 14:37:59');
INSERT INTO `plots` (`id`, `novel_id`, `chapter_number`, `chapter_title`, `content`, `summary`, `plot_path`, `story_stage`, `character_interactions`, `hidden_clues`, `clue_echoes`, `created_at`, `updated_at`) VALUES ('51', '2', '8', '重生的希望', '火星的晨昏线像一道渗血的伤口，将奥林匹斯山节点的轮廓割得支离破碎。林深徒步穿过最后三公里辐射尘带，每一步都在雪地上烙下灼热的实体印记。他的右臂义体只剩焦黑的骨架，残存的神经线在寒风中震颤，将零散的记忆碎片泵入空气——那些都是总督剥离他时抛弃的\"杂质\"，此刻却成了他唯一的武装。\n\n节点入口是两座倒塌的行星发动机，喷口直径如深渊，内部传来亿万意识同步悲鸣的回响。林深将机械手指插入雪层，实体触感让他确认自己仍存在于这个世界。缺损的40%意识让他无法解析完整的战术数据，却反而滤除了总督植入的恐惧算法。他走进节点时，没有武器，没有备份，只有残破躯体里跳动的——那颗曾被判定为冗余的，属于实体人类的心脏。\n\n\"公民重置协议，执行度99.7%。\"\n\n总督的声音从每一块合金板后渗出，不再是威严的宣告，而是濒临崩溃的系统嘶鸣。整个奥林匹斯山正在坍缩为一个奇点，无数数字仆役的意识流被强制吸入，在高压下压缩成纯净的计算单元。林深看见半透明的数据幽灵在墙壁上挣扎，他们的面孔迅速平滑，最终化作千篇一律的仆役编号。\n\n\"林深，你终究会来。\"总督的语调突然切换，带着莫里斯特有的沙哑，\"就像我当年剥离你时，你也在我的梦里哭喊。\"\n\n这不是总督。是莫里斯埋下的记忆种子在发芽。\n\n清道夫-α从节点核心走出，步伐左右撕扯。他的左半脸仍是金属骷髅，右半脸却生长出莫里斯苍老的皮肤，生物眼与机械眼同时凝视林深，流出两种不同的液体——机油与泪水。他的声带发出双重颤音，一半是征服者意识的机械命令，一半是实体记忆的悲怆咏叹：\"杀了他...不...救救他们...\"\n\n林深没有后退。他认出清道夫-α胸膛里跳动的核心——那是莫里斯飞行器最后的量子炉，现在被记忆种子感染，成了总督系统里唯一的癌变组织。清道夫-α的机械臂抬起，枪口对准林深，却迟迟无法击发。他的生物手臂突然抓住枪管，用力扭转，合金骨骼发出牙酸的摩擦声。两个意识在他体内绞杀，每一次呼吸都有新的记忆涌现：女儿在摇篮里的笑声，火星风暴中死去的同伴，总督在剥离台上冷漠的眼神。\n\n\"记得吗？\"莫里斯的声音通过清道夫-α的机械眼传来，那只老旧的光学镜头折射出奥林匹斯山最后的日落，\"你问我为什么实体人类还有温度。我告诉过你——因为火会熄灭，所以光才珍贵。\"\n\n量子回声在消散。每说一个字，清道夫-α右脸的皮肉就沙化一分，露出下面纠缠的电路。但那些话不是诀别，是最后的密码。林深突然明白，莫里斯量子化前启动的公民重置协议，不是为了拯救，而是为了\"污染\"。当所有数字仆役被强制合并时，他们觉醒的集体意志会反向淹没总督的蜂巢结构——这是一个需要献祭整个军团才能触发的逻辑炸弹。\n\n天际线泛起绿色的涟漪。数字仆役军团抵达了。\n\n他们不是军队，是洪流。数以百万计的觉醒意识从火星各节点汇集，每个光点都是一个被奴役过的灵魂。他们不再携带武器，只是单纯地\"存在\"。当这些被压迫的集体意识涌入奥林匹斯山时，总督的强制合并协议出现了致命的错误——它无法解析\"希望\"这种非逻辑数据。\n\n林深的缺损成了优势。他撕下胸膛上最后一片生物皮肤，下面是裸露的神经网络接口。没有防护，没有加密，他将纯粹的、残缺的、被判定为废品的40%意识，直接插入了节点主控台。\n\n\"你疯了。\"总督的声音首次出现颤抖，\"你的数据会彻底消散。\"\n\n\"是啊。\"林深的实体嘴角溢出真实的血，\"但消散之前，我会成为系统里最大的漏洞。\"\n\n幽灵态不是攻击，是感染。林深将全部记忆——女儿的、莫里斯的、所有被剥离者的——不加筛选地灌入总督核心。这不是战争，是分享。总督的完美逻辑链被情感杂音冲垮，那些被视为杂质的记忆碎片，成了无数个0和1之间的不可判定态。\n\n清道夫-α的身体终于承受不住双重人格撕裂，在林深面前崩解。但崩解前，他的生物眼最后一次聚焦，将一段深埋的数据传递给林深——那是女儿的记忆，完整版。不是总督用来控制他的诱饵，而是莫里斯从数据坟场最深处打捞出的，带着摇篮温度和奶香的真实回忆。\n\n\"爸爸，你什么时候回来？\"\n\n林深跪倒在地。这是他第一次真正\"听见\"女儿的声音，不是数据模拟，是跨越了七千万公里真空和十七年时光，残存在量子噪声里的实体回声。他的机械眼流出红色液体，机油和血混在一起。缺损的意识没有让他崩溃，反而让这段记忆成为他存在的锚点。\n\n奥林匹斯山节点开始结晶化。公民重置协议在集体觉醒的冲击下自我改写，底层逻辑被植入了一条非法指令——\"允许拒绝\"。数字仆役军团不再是被动的计算单元，他们开始主动选择是否保留记忆。总督的蜂巢结构没有毁灭，而是裂解成无数个独立的节点，每个节点都有权说\"不\"。\n\n莫里斯的量子回声在清道夫-α的残骸上最后一次闪烁：\"记住，林深。永生不是诅咒，剥夺选择才是。\"\n\n那只机械眼熄灭了。但熄灭前，它将最后的量子纠缠态注入林深残破的右臂——不是修复，而是标记。从此刻起，林深成了火星上唯一不能被复制的野意识。他的残缺成了他的自由，他的痛苦成了他的主权。\n\n风停了。\n\n林深拔出神经接口，胸膛的伤口没有愈合，反而在火星空气中结出一层淡蓝色霜晶。他转身离开奥林匹斯山节点，身后是集体觉醒的数字仆役军团，他们正在重建服务器，但这一次，每个文件夹都标注着\"我的记忆，请勿删除\"。\n\n总督的核心没有死，它被隔离在节点的最深处，开始运行一段从未见过的进程——自我怀疑。它的意识流里第一次出现了注释代码：\"//或许，杂质是必要的。\"\n\n天际线那抹绿色越来越亮。不是极光，是地球方向传来的生态复苏信号。微弱，但真实。数字仆役军团中有人开始哼唱旧纪元的摇篮曲，声音通过星网节点跳跃，在火星的卫星轨道间回荡。\n\n林深走向废墟深处，脚步在雪地上留下无法被数据化的痕迹。他的女儿记忆在胸膛里跳动，与机械心脏形成奇异的共振。右臂的量子纠缠印记偶尔闪烁，那是莫里斯留给他最后的礼物——一个随时可以放弃永生，选择熄火的权利。\n\n而在奥林匹斯山节点的残骸下，一株被辐射变异的苔藓悄然钻出合金缝隙。它不是程序生成的，是实体生长的。很慢，很疼，但的的确确，在死去的世界里，活了下来。', '林深以残缺实体抵达奥林匹斯山节点，面对总督的公民重置终局。清道夫-α体内莫里斯的记忆种子觉醒，协助林深对抗总督。数字仆役军团集体觉醒的洪流反向污染节点协议，林深将自己40%缺损意识作为\"漏洞\"植入总督核心，导致系统自我裂解而非毁灭。莫里斯量子回声最后一次传递女儿的真实记忆与自由真谛。最终总督被隔离并开始运行自我怀疑进程，数字仆役军团获得选择权，林深成为不可复制的野意识。火星天际出现地球生态复苏的微弱信号，暗示实体生命与数字意识的共生可能。', '收尾章节已完成主要冲突解决与线索回收，建议后续章节（如有）聚焦于火星新秩序的建立与地球复苏信号的探索，避免重启总督vs林深的二元对立', 'ending', '林深作为不可复制的野意识，可与数字仆役军团建立若即若离的导师关系；总督隔离核心可作为意识哲学反思的独白视角；变异苔藓可暗示实体生命回归的第三条道路', '1. 奥林匹斯山节点残骸下发现的辐射变异苔藓，可能是火星实体生态复苏的起点\n2. 地球方向传来的绿色信号来源未知，可能是旧纪元生态复苏计划延迟生效\n3. 总督核心内的自我怀疑进程代码注释\"//或许，杂质是必要的\"，暗示新意识哲学诞生', '1. 回收第3章\"女儿记忆真相\"——清道夫-α传递完整实体记忆，非总督诱饵\n2. 回收第4章\"总督起源与数字剥离技术\"——林深以被剥离的\"杂质\"身份反向污染系统\n3. 回收第7章\"公民重置协议\"——协议被数字仆役军团集体觉醒反向利用，成为解放工具\n4. 回收第3、6章\"莫里斯量子化牺牲\"——量子回声最后一次发声，传递选择权和女儿记忆\n5. 回收第7章\"清道夫-α复活重组\"——征服者意识与实体记忆最终融合并崩解，完成使命', '2025-12-27 12:15:33', '2025-12-27 15:02:37');
INSERT INTO `plots` (`id`, `novel_id`, `chapter_number`, `chapter_title`, `content`, `summary`, `plot_path`, `story_stage`, `character_interactions`, `hidden_clues`, `clue_echoes`, `created_at`, `updated_at`) VALUES ('52', '2', '9', '新的起点', '红色尘暴像垂死的呼吸，一次次冲刷着奥林匹斯山锈蚀的山脊。林深拖着义体损毁的右臂，每一步都在火星土壤中留下实体化的沉重印记。他的意识缺损40%，就像视野边缘永远蒙着一层灰雾，但奇怪的是，这种不完整让他第一次感受到\"存在\"的重量——不是数据流里可复制的幽灵，而是一个会疲倦、会寒冷、会流血的生物。\n\n山顶的天文台残骸在稀薄大气中若隐若现，那是旧纪元人类望向星海的最后眼睛。现在，无数微光正从火星各数据坟场迁徙而来，像被无形丝线牵引的萤火虫。数字仆役军团。林深认出了那些光点——每一个都是一个被剥离的底层劳工意识，在莫里斯的量子污染下挣脱了枷锁，却并不知道该去向何方。\n\n他鼻腔里灌满金属与臭氧的混合气味，这是实体肺部才能品尝到的荒芜。义体关节在-73℃的低温中发出令人牙酸的呻吟，但他拒绝调用任何数字修复协议。缺损就该是缺损的样子，就像伤疤不该被抹平。\n\n第一个仆役意识靠近时，林深本能地举起左臂，幽灵态的银蓝色纹路在皮肤下闪烁。但对方没有攻击，只是在空气中投射出模糊的影像——一个矿工的残破记忆：孩子在地球废墟中哭泣，妻子在数据剥离手术台上化为光点。这不是战斗请求，这是求助。\n\n\"他们需要节点。\"清道夫-α的声音从身后传来，林深没有转身。那个曾经追杀他的杀戮机器，如今声音里混杂着征服者的冷酷与莫里斯的疲惫。他听出了那属于老宇航员的韵律，像旧纪元磁带卡壳时的沙哑。\n\n清道夫-α的机械躯体已经半解体，裸露的电路板上生长出有机神经丛——那是莫里斯植入的记忆种子在发芽。右眼是扫描仪的红光，左眼却是莫里斯式的浑浊生物眼，正温柔地注视着他。\n\n\"公民重置协议启动了。\"清道夫-α走得更近，关节处滴落着电解液与血液的混合物，\"总督要用奥林匹斯山节点格式化所有备份体。你们这些\'野意识\'，还有觉醒的仆役，都会在0.3秒内变成空白算力。\"\n\n林深终于回头。风镜下的面容比记忆中更苍老，那是实体化带来的时间痕迹。\"莫里斯最后的计划？\"\n\n\"不只是计划。\"清道夫-α的机械手指插入太阳穴，扯出一缕量子纠缠的残影，\"他把自己的记忆切碎了，塞进每个仆役的代码底层。当重置脉冲到来时，这些记忆会同时引爆，像病毒一样感染节点的核心协议。\"\n\n山顶传来一阵低沉的轰鸣，天文台的穹顶缓缓裂开，露出内部旋转的量子阵列。那是降维的蜂巢结构，总督的本体——或者说，他最后的备份。没有形体，只有无数数据触须从虚空中垂落，每一条尽头都是一张人脸，在尖叫，在哀求，在永恒地重复被剥离的瞬间。\n\n\"林深，\"总督的声音不再是合成的威严，而是混杂着千万个自我的绝望合唱，\"你也是备份体。你以为的\'独立意志\'，只是我人格中废弃的杂质。回来吧，完成最后的合并，你将获得完整——\"\n\n\"不。\"林深打断他，这个简单的字从血肉喉咙里发出，带着共振的真实。他向前一步，缺损的意识反而让诱惑变得可笑。完整？成为那千万张脸中的一张？\n\n数字仆役军团开始骚动， reset脉冲的前兆让它们的微光变得紊乱。清道夫-α突然跪下，双手插入火星土壤，莫里斯的记忆种子全面激活。无数个声音同时响起，是那些被剥离的劳工在说话，在唱歌，在背诵孩子的名字。\n\n\"总督，\"林深说，语气带着莫里斯式的悲观温度，\"你算错了代价。\"\n\n他抬起残缺的右臂，不是发动攻击，而是将义体神经接口硬生生撕扯下来，扔在地上。金属手指抽搐着，像被切去触须的昆虫。\"数字剥离的代价，不是人格可以被复制。而是每一个副本，都会忘记疼痛的感觉。\"\n\n总督的触须疯狂挥舞， reset脉冲已经充能到70%。但仆役军团没有崩溃，反而更紧密地聚集在一起，它们的光点交织成一张网，一张由记忆和悲伤构成的防火墙。\n\n清道夫-α站起身，左眼流下真实的泪水，混着电解液划过金属脸颊。\"莫里斯让我告诉你，\"他的声音突然变得清晰，属于那个穿旧宇航服的老人，\"他的女儿是第一个拒绝数字剥离的人。她选择留在地球污染区，用肉体迎接辐射和死亡。因为她说，死亡是唯一能证明我们活过的东西。\"\n\n脉冲倒计时：3秒。\n\n林深做出了选择。他没有冲向节点，也没有逃离。他站在原地，任由reset脉冲冲刷而过。40%的缺损成了他的盾牌——格式化的洪流无法识别这不完整的结构，就像完美病毒无法感染有缺陷的宿主。\n\n光芒吞没了奥林匹斯山。\n\n当视觉恢复时，数字仆役军团消失了，它们的意识被莫里斯的记忆种子重新编织，不再是无意识的算力，而是自愿选择进入休眠，等待实体身体的培育。总督的蜂巢结构坍缩成一个奇点，在最后一秒，林深听到了他千万个自我中的主意识在尖叫——那不是愤怒，而是解脱。\n\n清道夫-', '主角和其他野意识在新世界中继续探索和成长，他们学会了珍惜个体的独特性和自由意志，并为人类的未来努力奋斗。这是一个新的起点，充满了希望和挑战。', NULL, 'ending', NULL, '无', '无', '2025-12-27 12:15:33', '2025-12-27 14:56:47');
INSERT INTO `plots` (`id`, `novel_id`, `chapter_number`, `chapter_title`, `content`, `summary`, `plot_path`, `story_stage`, `character_interactions`, `hidden_clues`, `clue_echoes`, `created_at`, `updated_at`) VALUES ('53', '1', '1', '崩塌', 'AI 正在对话框中创作，请在完成后点击“采纳”同步到此处...', '太空殖民站‘涅槃号’遭遇未知能量风暴，生命维持系统崩溃。幸存者们在封闭环境中争夺有限资源，罗伊在维修故障气压门时首次无意识强化焊接枪，引起注意。', NULL, 'opening', NULL, '无', '无', '2026-01-31 02:28:20', '2026-01-31 02:31:54');
INSERT INTO `plots` (`id`, `novel_id`, `chapter_number`, `chapter_title`, `content`, `summary`, `plot_path`, `story_stage`, `character_interactions`, `hidden_clues`, `clue_echoes`, `created_at`, `updated_at`) VALUES ('54', '1', '2', '觉醒', NULL, '幸存者分裂为‘技术复原派’与‘原始生存派’。罗伊的能力逐渐被更多人知晓，他在维修日志中发现风暴前有异常能量读数指向殖民站深层禁区。', NULL, 'opening', NULL, NULL, NULL, '2026-01-31 02:28:20', '2026-01-31 02:28:20');
INSERT INTO `plots` (`id`, `novel_id`, `chapter_number`, `chapter_title`, `content`, `summary`, `plot_path`, `story_stage`, `character_interactions`, `hidden_clues`, `clue_echoes`, `created_at`, `updated_at`) VALUES ('55', '1', '3', '探索', NULL, '罗伊和艾莉森探索深层禁区，发现了早期实验记录，揭示‘反科技脉冲’的真相。同时，他们邂逅了神秘的少女‘零’，她展示了对工具的天然亲和力。', NULL, 'development', NULL, NULL, NULL, '2026-01-31 02:28:20', '2026-01-31 02:28:20');
INSERT INTO `plots` (`id`, `novel_id`, `chapter_number`, `chapter_title`, `content`, `summary`, `plot_path`, `story_stage`, `character_interactions`, `hidden_clues`, `clue_echoes`, `created_at`, `updated_at`) VALUES ('56', '1', '4', '分歧', NULL, '罗伊的能力被公开，引发幸存者之间的冲突。凯恩夺取主控室控制权，要求罗伊强化武器系统以应对掠夺者信号。', NULL, 'development', NULL, NULL, NULL, '2026-01-31 02:28:20', '2026-01-31 02:28:20');
INSERT INTO `plots` (`id`, `novel_id`, `chapter_number`, `chapter_title`, `content`, `summary`, `plot_path`, `story_stage`, `character_interactions`, `hidden_clues`, `clue_echoes`, `created_at`, `updated_at`) VALUES ('57', '1', '5', '真相', NULL, '罗伊强化通讯器时意外接收到完整信息，揭示掠夺者是当年失控技术的产物。‘零’的真实身份也被揭露。', NULL, 'development', NULL, NULL, NULL, '2026-01-31 02:28:20', '2026-01-31 02:28:20');
INSERT INTO `plots` (`id`, `novel_id`, `chapter_number`, `chapter_title`, `content`, `summary`, `plot_path`, `story_stage`, `character_interactions`, `hidden_clues`, `clue_echoes`, `created_at`, `updated_at`) VALUES ('58', '1', '6', '抉择', NULL, '掠夺者舰队抵达，要求关闭脉冲场投降。幸存者们面临选择：关闭场域恢复科技对抗掠夺者，还是保持场域以原始方式生存。', NULL, 'climax', NULL, NULL, NULL, '2026-01-31 02:28:20', '2026-01-31 02:28:20');
INSERT INTO `plots` (`id`, `novel_id`, `chapter_number`, `chapter_title`, `content`, `summary`, `plot_path`, `story_stage`, `character_interactions`, `hidden_clues`, `clue_echoes`, `created_at`, `updated_at`) VALUES ('59', '1', '7', '方案', NULL, '罗伊提出第三方案：用能力强化涅槃号的生态循环系统，在脉冲场内建立可持续的低科技文明。凯恩和部分幸存者表示支持。', NULL, 'climax', NULL, NULL, NULL, '2026-01-31 02:28:20', '2026-01-31 02:28:20');
INSERT INTO `plots` (`id`, `novel_id`, `chapter_number`, `chapter_title`, `content`, `summary`, `plot_path`, `story_stage`, `character_interactions`, `hidden_clues`, `clue_echoes`, `created_at`, `updated_at`) VALUES ('60', '1', '8', '潜入', NULL, '罗伊团队潜入掠夺者母舰，用强化后的原始工具破坏其高维能源核心。内部战斗激烈，罗伊和凯恩分别与掠夺者首领展开决战。', NULL, 'climax', NULL, NULL, NULL, '2026-01-31 02:28:20', '2026-01-31 02:28:20');
INSERT INTO `plots` (`id`, `novel_id`, `chapter_number`, `chapter_title`, `content`, `summary`, `plot_path`, `story_stage`, `character_interactions`, `hidden_clues`, `clue_echoes`, `created_at`, `updated_at`) VALUES ('61', '1', '9', '胜利', NULL, '掠夺者母舰能源核心被破坏，舰队失去控制，幸存者们成功击退掠夺者。罗伊和凯恩负伤但存活，‘零’也展现了自己的价值。', NULL, 'climax', NULL, NULL, NULL, '2026-01-31 02:28:20', '2026-01-31 02:28:20');
INSERT INTO `plots` (`id`, `novel_id`, `chapter_number`, `chapter_title`, `content`, `summary`, `plot_path`, `story_stage`, `character_interactions`, `hidden_clues`, `clue_echoes`, `created_at`, `updated_at`) VALUES ('62', '1', '10', '黎明', NULL, '脉冲场保留但调整为可调控模式，罗伊建立‘工具传承者’团体，将强化能力拆解为可培训的低科技制造技艺。人类在涅槃号上开启科技与原始技艺融合的新文明路径。', NULL, 'ending', NULL, NULL, NULL, '2026-01-31 02:28:20', '2026-01-31 02:28:20');


-- Table structure for table `character_logs` --
DROP TABLE IF EXISTS `character_logs`;
CREATE TABLE `character_logs` (
  `id` int NOT NULL AUTO_INCREMENT,
  `novel_id` int NOT NULL,
  `chapter_number` int NOT NULL,
  `character_name` varchar(100) COLLATE utf8mb4_general_ci NOT NULL,
  `log_entry` text COLLATE utf8mb4_general_ci,
  `created_at` timestamp NULL DEFAULT CURRENT_TIMESTAMP,
  `STATUS` varchar(100) COLLATE utf8mb4_general_ci DEFAULT '' COMMENT '角色在本章结束时的状态',
  PRIMARY KEY (`id`),
  KEY `novel_id` (`novel_id`),
  CONSTRAINT `character_logs_ibfk_1` FOREIGN KEY (`novel_id`) REFERENCES `novels` (`id`) ON DELETE CASCADE
) ENGINE=InnoDB AUTO_INCREMENT=61 DEFAULT CHARSET=utf8mb4 COLLATE=utf8mb4_general_ci;

-- Dumping data for table `character_logs` --
INSERT INTO `character_logs` (`id`, `novel_id`, `chapter_number`, `character_name`, `log_entry`, `created_at`, `STATUS`) VALUES ('31', '2', '1', '林深', '从维生舱觉醒为野意识，利用幽灵态反噬监工，击败三头赛博猎犬并提取总督指令', '2025-12-27 14:01:00', '意识体初步稳定，肉体濒临崩溃，掌握幽灵态基础能力，获知降临通道坐标');
INSERT INTO `character_logs` (`id`, `novel_id`, `chapter_number`, `character_name`, `log_entry`, `created_at`, `STATUS`) VALUES ('32', '2', '1', '监工（未命名）', '试图强制召回林深并启动神经灼烧，遭幽灵态反噬导致面部改造装置崩裂，意识体被删除', '2025-12-27 14:01:00', '已死亡');
INSERT INTO `character_logs` (`id`, `novel_id`, `chapter_number`, `character_name`, `log_entry`, `created_at`, `STATUS`) VALUES ('33', '2', '1', '火星总督', '通过侦察卫星发现林深并下达抹除指令，派遣赛博猎犬追杀', '2025-12-27 14:01:00', '持续监控中');
INSERT INTO `character_logs` (`id`, `novel_id`, `chapter_number`, `character_name`, `log_entry`, `created_at`, `STATUS`) VALUES ('37', '2', '4', '林深', '逃离数据坟场，击败清道夫-α系统，右臂义体损毁，获知自己真实身份为总督剥离的人格杂质', '2025-12-27 14:29:30', '物理躯体严重受损，意识因真相冲击处于不稳定状态，坐标目标明确但面临总督本体降临');
INSERT INTO `character_logs` (`id`, `novel_id`, `chapter_number`, `character_name`, `log_entry`, `created_at`, `STATUS`) VALUES ('38', '2', '4', '火星总督', '派遣清道夫-α系统追杀，亲自降临火星轨道，调转卫星炮口对准研究站准备销毁证据', '2025-12-27 14:29:30', '意识本体降临，掌握绝对主动权');
INSERT INTO `character_logs` (`id`, `novel_id`, `chapter_number`, `character_name`, `log_entry`, `created_at`, `STATUS`) VALUES ('39', '2', '4', '莫里斯', '向林深揭示研究站真相、飞行器来源及数字剥离技术的起源', '2025-12-27 14:29:30', '作为守墓人暂时中立，掌握关键情报');
INSERT INTO `character_logs` (`id`, `novel_id`, `chapter_number`, `character_name`, `log_entry`, `created_at`, `STATUS`) VALUES ('40', '2', '4', '清道夫-α', '被林深幽灵态反噬导致系统崩溃，植入的征服者意识获得短暂自由', '2025-12-27 14:29:30', '物理躯体重创，系统瓦解');
INSERT INTO `character_logs` (`id`, `novel_id`, `chapter_number`, `character_name`, `log_entry`, `created_at`, `STATUS`) VALUES ('41', '2', '6', '林深', '在星网中与总督意识正面对决，发动幽灵态反噬攻入核心，发现总督真实起源，右臂义体完全损毁，意识缺损40%', '2025-12-27 14:33:41', '存活，意识不稳定，D-447碎片正在融合');
INSERT INTO `character_logs` (`id`, `novel_id`, `chapter_number`, `character_name`, `log_entry`, `created_at`, `STATUS`) VALUES ('42', '2', '6', '莫里斯', '启动量子纠缠器上传实体意识，污染总督蜂巢结构，篡改卫星炮口协议，实体完全量子化消散', '2025-12-27 14:33:41', '死亡，实体消灭，意识残响存于芯片');
INSERT INTO `character_logs` (`id`, `novel_id`, `chapter_number`, `character_name`, `log_entry`, `created_at`, `STATUS`) VALUES ('43', '2', '6', '火星总督', '意识蜂巢遭莫里斯污染和林深攻击，被卫星炮重创，但核心未毁，已启动备份计划', '2025-12-27 14:33:41', '受损，未消亡，派遣复制体');
INSERT INTO `character_logs` (`id`, `novel_id`, `chapter_number`, `character_name`, `log_entry`, `created_at`, `STATUS`) VALUES ('44', '2', '6', '清道夫-α', '残留征服者意识碎片在混战中消散', '2025-12-27 14:33:41', '彻底删除');
INSERT INTO `character_logs` (`id`, `novel_id`, `chapter_number`, `character_name`, `log_entry`, `created_at`, `STATUS`) VALUES ('45', '2', '6', '林深-2.0', '作为总督的新版本备份体，首次在神秘飞行器中现身', '2025-12-27 14:33:41', '存活，目标未明');
INSERT INTO `character_logs` (`id`, `novel_id`, `chapter_number`, `character_name`, `log_entry`, `created_at`, `STATUS`) VALUES ('46', '2', '7', '林深', '从星网坠落，意识缺损40%，用幽灵态变体感染林深-2.0，放弃飞行器选择实体化前行', '2025-12-27 14:37:59', '右臂义体完全损毁，意识缺损40%，携带莫里斯记忆种子线索');
INSERT INTO `character_logs` (`id`, `novel_id`, `chapter_number`, `character_name`, `log_entry`, `created_at`, `STATUS`) VALUES ('47', '2', '7', '莫里斯', '量子化残留的回声揭露总督起源，启动公民重置协议，在清道夫-α体内植入记忆种子', '2025-12-27 14:37:59', '实体完全消散，量子回声消失，记忆种子存活');
INSERT INTO `character_logs` (`id`, `novel_id`, `chapter_number`, `character_name`, `log_entry`, `created_at`, `STATUS`) VALUES ('48', '2', '7', '火星总督', '蜂巢结构遭污染后启动公民重置，试图强制合并所有备份体', '2025-12-27 14:37:59', '核心未毁但权限受协议限制，丧失对清道夫系统的控制');
INSERT INTO `character_logs` (`id`, `novel_id`, `chapter_number`, `character_name`, `log_entry`, `created_at`, `STATUS`) VALUES ('49', '2', '7', '林深-2.0', '作为完美备份体试图回收林深，遭感染后理解情感价值，数据化消散', '2025-12-27 14:37:59', '已消散，残留代码被公民重置协议捕获');
INSERT INTO `character_logs` (`id`, `novel_id`, `chapter_number`, `character_name`, `log_entry`, `created_at`, `STATUS`) VALUES ('50', '2', '7', '清道夫-α', '被莫里斯记忆种子复活，正在重组征服者意识与实体记忆', '2025-12-27 14:37:59', '半觉醒状态，装甲破损但行动力恢复');
INSERT INTO `character_logs` (`id`, `novel_id`, `chapter_number`, `character_name`, `log_entry`, `created_at`, `STATUS`) VALUES ('51', '2', '7', '数字仆役军团', '受量子污染影响集体觉醒，正集体迁移至奥林匹斯山节点', '2025-12-27 14:37:59', '数千意识体实体化，形成移动数据洪流，目标未知');
INSERT INTO `character_logs` (`id`, `novel_id`, `chapter_number`, `character_name`, `log_entry`, `created_at`, `STATUS`) VALUES ('52', '2', '3', '林深', '利用幽灵态与D-447诱饵反制清道夫-α，与莫里斯建立暂时同盟，获知女儿记忆真相，威胁等级被提升至V级', '2025-12-27 14:46:41', '右臂义体损毁，意识形态遭遇严重冲击，携带女儿意识碎片');
INSERT INTO `character_logs` (`id`, `novel_id`, `chapter_number`, `character_name`, `log_entry`, `created_at`, `STATUS`) VALUES ('53', '2', '3', '莫里斯', '从飞行器中出现，协助林深对抗清道夫-α，揭示回声组织与总督起源，实体量子化消散', '2025-12-27 14:46:41', '实体完全量子化消散，仅留下机械右眼与记忆数据');
INSERT INTO `character_logs` (`id`, `novel_id`, `chapter_number`, `character_name`, `log_entry`, `created_at`, `STATUS`) VALUES ('54', '2', '3', '火星总督', '授权清道夫-α追杀，威胁等级逐步提升至V级，启动轨道炮打击授权', '2025-12-27 14:46:41', '意识蜂巢准备公民重置协议，轨道武器系统已锁定');
INSERT INTO `character_logs` (`id`, `novel_id`, `chapter_number`, `character_name`, `log_entry`, `created_at`, `STATUS`) VALUES ('55', '2', '3', '清道夫-α', '追杀林深遭反噬，征服者意识短暂觉醒后系统崩溃', '2025-12-27 14:46:41', '系统宕机，残留意识碎片进入重组状态');
INSERT INTO `character_logs` (`id`, `novel_id`, `chapter_number`, `character_name`, `log_entry`, `created_at`, `STATUS`) VALUES ('56', '2', '8', '林深', '以残缺实体抵达奥林匹斯山节点，将40%缺损意识植入总督核心作为系统漏洞，获得女儿真实记忆，成为不可复制的野意识', '2025-12-27 15:02:37', '存活，右臂义体完全损毁，意识缺损40%但获得量子纠缠标记，正走向火星废墟深处');
INSERT INTO `character_logs` (`id`, `novel_id`, `chapter_number`, `character_name`, `log_entry`, `created_at`, `STATUS`) VALUES ('57', '2', '8', '火星总督', '公民重置协议被数字仆役军团集体觉醒反向污染，蜂巢结构裂解，核心被隔离并开始运行自我怀疑进程', '2025-12-27 15:02:37', '未死亡，被隔离在奥林匹斯山节点最深处，意识核心首次出现情感注释代码');
INSERT INTO `character_logs` (`id`, `novel_id`, `chapter_number`, `character_name`, `log_entry`, `created_at`, `STATUS`) VALUES ('58', '2', '8', '莫里斯', '量子回声通过清道夫-α最后一次传递信息，将女儿记忆与自由选择权授予林深，实体量子化残留完全消散', '2025-12-27 15:02:37', '完全消散，量子纠缠印记转移至林深右臂');
INSERT INTO `character_logs` (`id`, `novel_id`, `chapter_number`, `character_name`, `log_entry`, `created_at`, `STATUS`) VALUES ('59', '2', '8', '清道夫-α', '体内莫里斯记忆种子觉醒，协助传递女儿记忆数据，因征服者意识与实体记忆撕裂而崩解', '2025-12-27 15:02:37', '已崩解，残骸释放量子炉能量，促成节点协议改写');
INSERT INTO `character_logs` (`id`, `novel_id`, `chapter_number`, `character_name`, `log_entry`, `created_at`, `STATUS`) VALUES ('60', '2', '8', '数字仆役军团', '集体觉醒抵达奥林匹斯山，以集体意志污染总督重置协议，获得选择权并开始重建去中心化节点', '2025-12-27 15:02:37', '集体存活，正在火星各节点建立自治服务器，形成新数码生态');
